{"id":8460,"date":"2023-08-22T23:58:57","date_gmt":"2023-08-22T20:58:57","guid":{"rendered":"https:\/\/www.cncmarketi.com\/index.php\/product\/ici-bos-saft-asamasi\/"},"modified":"2023-08-23T00:24:43","modified_gmt":"2023-08-22T21:24:43","slug":"ici-bos-saft-asamasi","status":"publish","type":"product","link":"https:\/\/www.cncmarketi.com\/index.php\/product\/ici-bos-saft-asamasi\/","title":{"rendered":"\u0130\u00e7i bo\u015f \u015faft a\u015famas\u0131"},"content":{"rendered":"<p>Model number GSN 130-10K-SV with table size 130mm gear ratio 1:10 for servo motor. Designed specially for servo motor gearbox for motion control applications. It takes full advantage of the&#8230;<\/p>\n","protected":false},"excerpt":{"rendered":"<p>Model number GSN 130-10K-SV with table size 130mm gear ratio 1:10 for servo motor. Designed specially for servo motor gearbox for motion control applications. It&#8230;<\/p>\n","protected":false},"featured_media":8456,"comment_status":"open","ping_status":"closed","template":"","meta":[],"etheme_brands":[{"term_id":287,"name":"Gigager","slug":"gigager","term_group":0,"term_taxonomy_id":287,"taxonomy":"brand","description":"","parent":0,"count":189,"filter":"raw"}],"product_cat":[50],"product_tag":[],"_links":{"self":[{"href":"https:\/\/www.cncmarketi.com\/index.php\/wp-json\/wp\/v2\/product\/8460"}],"collection":[{"href":"https:\/\/www.cncmarketi.com\/index.php\/wp-json\/wp\/v2\/product"}],"about":[{"href":"https:\/\/www.cncmarketi.com\/index.php\/wp-json\/wp\/v2\/types\/product"}],"replies":[{"embeddable":true,"href":"https:\/\/www.cncmarketi.com\/index.php\/wp-json\/wp\/v2\/comments?post=8460"}],"version-history":[{"count":0,"href":"https:\/\/www.cncmarketi.com\/index.php\/wp-json\/wp\/v2\/product\/8460\/revisions"}],"wp:featuredmedia":[{"embeddable":true,"href":"https:\/\/www.cncmarketi.com\/index.php\/wp-json\/wp\/v2\/media\/8456"}],"wp:attachment":[{"href":"https:\/\/www.cncmarketi.com\/index.php\/wp-json\/wp\/v2\/media?parent=8460"}],"wp:term":[{"taxonomy":"brand","embeddable":true,"href":"https:\/\/www.cncmarketi.com\/index.php\/wp-json\/wp\/v2\/etheme_brands?post=8460"},{"taxonomy":"product_cat","embeddable":true,"href":"https:\/\/www.cncmarketi.com\/index.php\/wp-json\/wp\/v2\/product_cat?post=8460"},{"taxonomy":"product_tag","embeddable":true,"href":"https:\/\/www.cncmarketi.com\/index.php\/wp-json\/wp\/v2\/product_tag?post=8460"}],"curies":[{"name":"wp","href":"https:\/\/api.w.org\/{rel}","templated":true}]}}