{"id":7823,"date":"2023-08-16T12:33:58","date_gmt":"2023-08-16T09:33:58","guid":{"rendered":"https:\/\/www.cncmarketi.com\/index.php\/product\/qfa5060-otomatik-lehim-pastasi-yazici-sablon-yazici-makinesi-ekran-yazici-makinesi\/"},"modified":"2023-08-16T13:06:58","modified_gmt":"2023-08-16T10:06:58","slug":"qfa5060-otomatik-lehim-pastasi-yazici-sablon-yazici-makinesi-ekran-yazici-makinesi","status":"publish","type":"product","link":"https:\/\/www.cncmarketi.com\/index.php\/product\/qfa5060-otomatik-lehim-pastasi-yazici-sablon-yazici-makinesi-ekran-yazici-makinesi\/","title":{"rendered":"QFA5060 Otomatik Lehim Pastas\u0131 Yaz\u0131c\u0131 \u015eablon Yaz\u0131c\u0131 Makinesi Ekran Yaz\u0131c\u0131 Makinesi"},"content":{"rendered":"<p>QFA5060 automatic solder paste printer stencil printer machine screen printer machine<br \/>\nDescription<br \/>\nInquiry<br \/>\nDescription<br \/>\nQFA5060 automatic solder paste printer (fully automatic vision solder paste printer) stencil printer machine screen printer machineThe whole machine is fully controlled by servo system.Automatic pressure feedback system.Multifunctional image processing system.Precise PCB transportation system.Intelligent PCB holding device.User-friendly operation interface.<br \/>\nParametersoperating systemWindowsXP operation interfacesignal connectionSMEMA connectorvisual parametersHigh-performance CCD and image processing systemRepeat printing accuracy\u00b10.015mmPrinting accuracy\u00b10.025mmprinting cycle<8s\/block (excluding printing and cleaning time)Steel mesh size370*370mm~600*800mmScreen frame fixedair cylinderPCB sizeMin 50\u00d750 mm , Max 600\u00d7400 mmPCB thickness0.4 ~ 6mmPCB weight\u22643kgSupport methodMagnetic ejector pin, magnetic ejector pin, manual crimpingdelivery systemOne-stage conveyor systemTransmission directionLeft-right\/right-left\/left-left\/right-right (software control)UVW platform adjustment rangeNot less than X: \u00b13mm; Y: \u00b17mm; e: \u00b12\u00b0PCB transfer height900\u00b140mmPlatform adjustment angleZ:\u00b12\u00b0Squeegee pressure0.5~10Kgdemoulding speed0~20mm\/s adjustablescraper angleStandard 60\u00b0software updatefree software upgradesAir source4~6 Kgf\/cm2main power supplyAC: 220\u00b110%, 50\/60HZ, 2.5KWDimensionsL1200*W1200*H1460Net weight435kgs\n<\/p>\n","protected":false},"excerpt":{"rendered":"<p>QFA5060 automatic solder paste printer stencil printer machine screen printer machine Description Inquiry Description QFA5060 automatic solder paste printer (fully automatic vision solder paste printer)&#8230;<\/p>\n","protected":false},"featured_media":7813,"comment_status":"open","ping_status":"closed","template":"","meta":[],"etheme_brands":[{"term_id":196,"name":"QiHe","slug":"qihe","term_group":0,"term_taxonomy_id":196,"taxonomy":"brand","description":"","parent":0,"count":35,"filter":"raw"}],"product_cat":[63],"product_tag":[238,257,239,258],"_links":{"self":[{"href":"https:\/\/www.cncmarketi.com\/index.php\/wp-json\/wp\/v2\/product\/7823"}],"collection":[{"href":"https:\/\/www.cncmarketi.com\/index.php\/wp-json\/wp\/v2\/product"}],"about":[{"href":"https:\/\/www.cncmarketi.com\/index.php\/wp-json\/wp\/v2\/types\/product"}],"replies":[{"embeddable":true,"href":"https:\/\/www.cncmarketi.com\/index.php\/wp-json\/wp\/v2\/comments?post=7823"}],"version-history":[{"count":0,"href":"https:\/\/www.cncmarketi.com\/index.php\/wp-json\/wp\/v2\/product\/7823\/revisions"}],"wp:featuredmedia":[{"embeddable":true,"href":"https:\/\/www.cncmarketi.com\/index.php\/wp-json\/wp\/v2\/media\/7813"}],"wp:attachment":[{"href":"https:\/\/www.cncmarketi.com\/index.php\/wp-json\/wp\/v2\/media?parent=7823"}],"wp:term":[{"taxonomy":"brand","embeddable":true,"href":"https:\/\/www.cncmarketi.com\/index.php\/wp-json\/wp\/v2\/etheme_brands?post=7823"},{"taxonomy":"product_cat","embeddable":true,"href":"https:\/\/www.cncmarketi.com\/index.php\/wp-json\/wp\/v2\/product_cat?post=7823"},{"taxonomy":"product_tag","embeddable":true,"href":"https:\/\/www.cncmarketi.com\/index.php\/wp-json\/wp\/v2\/product_tag?post=7823"}],"curies":[{"name":"wp","href":"https:\/\/api.w.org\/{rel}","templated":true}]}}