{"id":7790,"date":"2023-08-16T12:32:32","date_gmt":"2023-08-16T09:32:32","guid":{"rendered":"https:\/\/www.cncmarketi.com\/index.php\/product\/qul350-pcb-smt-pcb-devre-karti-icin-yukleyici-makinesi\/"},"modified":"2023-08-16T13:07:41","modified_gmt":"2023-08-16T10:07:41","slug":"qul350-pcb-smt-pcb-devre-karti-icin-yukleyici-makinesi","status":"publish","type":"product","link":"https:\/\/www.cncmarketi.com\/index.php\/product\/qul350-pcb-smt-pcb-devre-karti-icin-yukleyici-makinesi\/","title":{"rendered":"QUL350 PCB SMT PCB devre kart\u0131 i\u00e7in y\u00fckleyici makinesi"},"content":{"rendered":"<p>Description<br \/>\nQUL350 pcb up loader smt machine with Microcomputer control, stable and reliable pcb handling machine.<br \/>\nLCD screen display and menu interface to achieve the man-machine dialogue Alarm function.So can use standard magazine, strong commonality. According to the thickness of the PCB so set feeder lifting step distance.<br \/>\nAutomatic counting functions.Lifting distance adjustable according to PCB, 4 kinds of distance(10mm, 20mm, 30mm and 40mm) Loader configured with inner push board component,<br \/>\nsave the cost of buying PCB moving machine independently.Optional SMEMA port for communication between machines.<br \/>\nModelQUL350Max applicable pcb size350*250mmSupport tray quantity2 piecesApplicable tray size350*315*565mmMachine size1340*790*1200mmAir pressure0.6MpaPower supplyAC220VPower200W<br \/>\nRead more: QUL350 pcb up loader machine For Smt Pcb Circuit Board<\/p>\n","protected":false},"excerpt":{"rendered":"<p>Description QUL350 pcb up loader smt machine with Microcomputer control, stable and reliable pcb handling machine. LCD screen display and menu interface to achieve the&#8230;<\/p>\n","protected":false},"featured_media":7789,"comment_status":"open","ping_status":"closed","template":"","meta":[],"etheme_brands":[{"term_id":196,"name":"QiHe","slug":"qihe","term_group":0,"term_taxonomy_id":196,"taxonomy":"brand","description":"","parent":0,"count":35,"filter":"raw"}],"product_cat":[63],"product_tag":[234,235,236,220,200,237],"_links":{"self":[{"href":"https:\/\/www.cncmarketi.com\/index.php\/wp-json\/wp\/v2\/product\/7790"}],"collection":[{"href":"https:\/\/www.cncmarketi.com\/index.php\/wp-json\/wp\/v2\/product"}],"about":[{"href":"https:\/\/www.cncmarketi.com\/index.php\/wp-json\/wp\/v2\/types\/product"}],"replies":[{"embeddable":true,"href":"https:\/\/www.cncmarketi.com\/index.php\/wp-json\/wp\/v2\/comments?post=7790"}],"version-history":[{"count":0,"href":"https:\/\/www.cncmarketi.com\/index.php\/wp-json\/wp\/v2\/product\/7790\/revisions"}],"wp:featuredmedia":[{"embeddable":true,"href":"https:\/\/www.cncmarketi.com\/index.php\/wp-json\/wp\/v2\/media\/7789"}],"wp:attachment":[{"href":"https:\/\/www.cncmarketi.com\/index.php\/wp-json\/wp\/v2\/media?parent=7790"}],"wp:term":[{"taxonomy":"brand","embeddable":true,"href":"https:\/\/www.cncmarketi.com\/index.php\/wp-json\/wp\/v2\/etheme_brands?post=7790"},{"taxonomy":"product_cat","embeddable":true,"href":"https:\/\/www.cncmarketi.com\/index.php\/wp-json\/wp\/v2\/product_cat?post=7790"},{"taxonomy":"product_tag","embeddable":true,"href":"https:\/\/www.cncmarketi.com\/index.php\/wp-json\/wp\/v2\/product_tag?post=7790"}],"curies":[{"name":"wp","href":"https:\/\/api.w.org\/{rel}","templated":true}]}}