{"id":7503,"date":"2023-08-13T15:54:43","date_gmt":"2023-08-13T12:54:43","guid":{"rendered":"https:\/\/www.cncmarketi.com\/index.php\/product\/cerez-yapma-makinesi-otomatik-gida-makineleri-fabrikasi\/"},"modified":"2023-08-13T16:09:02","modified_gmt":"2023-08-13T13:09:02","slug":"cerez-yapma-makinesi-otomatik-gida-makineleri-fabrikasi","status":"publish","type":"product","link":"https:\/\/www.cncmarketi.com\/index.php\/product\/cerez-yapma-makinesi-otomatik-gida-makineleri-fabrikasi\/","title":{"rendered":"\u00c7erez yapma makinesi | Otomatik G\u0131da Makineleri Fabrikas\u0131"},"content":{"rendered":"<p>Cookies\/Biscuit machine<br \/>\nSV-700C automatic three-color cookie making machine provides 5 main functions: filling function, twisting function, cutting function, wire cutting function and jam embellishment function. Through changing the devices and cookie molds, it can make different cookies, such as panda cookies, danish cookies, chocolate stuffed cookies, date cookie bars, twisting cookies, chocolate cookie with jam\u2026\u2026<br \/>\nIt\u2019s suitable for factory using. if you want cookie machine with a small output capacity, can consider SV-700A cookie machine.<br \/>\nDescription<br \/>\nIndustrial Cookie Making Machine<br \/>\nSV-700C cookie machine is an industrial food machinery produced by Longyu Company. It is completely independently developed and has obtained a number of technical patents. Its biggest feature is that there are many cookie molds and large output, very suitable for big factory using.<br \/>\nSV-700C automatic cookie machine has 5 main devices: wire cutting device, twisting device, stuffing device, long strip cutting device, jam putting device.<br \/>\n1.Wire Cutting Device:<br \/>\nThis is the one device that most customers will choose. On the one hand, it is the most affordable of the five devices, on the other hand, the wire cutting device matches the most types of cookie molds. Customers can make more than 200 shapes of wire cutting cookies through changing the cookie molds, such as, round shape, square shape -the most classic shape; small animal shapes: panda cookies, bear cookies, penguin cookies, bunny cookies, piggy cookies, puppy cookies, lion cookies\u2026.;and other shapes: love cookies, smile cookies, flower cookies, pentagram cookies, and so on. We also can customize the wire cutting cookie molds according to customers\u2019 requirements.<br \/>\nOver the years, The continuous production and improvement of equipment has accumulated more pattern molds and programming solutions, and customers can freely choose from the abundant products in the cookie mold catalog.<br \/>\n2. Twisting Device<br \/>\nEquipped with twisting device, the three-color cookie machine can make different cookie shapes with one twisting mold, amazing ! Take the 8-teeth nozzle molds as an example. If the cookie dough is directly extruded from the nozzle mold, the user can get 8 corner-shaped cookies; if the nozzle mold can be rotated a quarter turn to the left or right, the cookie machine can make flower cookies; after the nozzle mold rotates a quarter turn from left to right, go back the same way, several times in a row, user can get cookie towers.; if the nozzle mold continues to extrude, and the conveyor belt moves forward, user can get long strip cookies\u2026.All these can be adjusted and controlled on the PLC intelligent touch screen.<br \/>\n3. Stuffing Device<br \/>\nThe cookie making machine equipped with filling hopper and small cutter heads can make stuffed cookies. With other devices installed, the cookie machine can make 9 cookies at a time; but if it is making filled cookies, it can only make up to 6 cookies at a time. Because the opening of the mini cutter needs a certain space to cut off the stuffed cookie dough, The cookie can be one skin and one filling , or two-color skin and one filling.<br \/>\n4. Long Strip Cutting Device<br \/>\nBy changing the different cookie molds, the cookie machine forms cookie dough column in different patterns. The length of the cookie bar can be controlled and adjusted on the intelligent PLC touch screen.<br \/>\n5. Jam Putting Device<br \/>\n4-hopper cookie machine has 4 hoppers, one of them is for jam. Customers can choose according to their needs. With the jam supply hopper, the grade and taste of cookies are greatly improved.<br \/>\nCookie Machine Details<br \/>\nParameters<br \/>\nMachine size: 350*155*185cm<br \/>\nProduction speed: 200-500 pcs\/min<br \/>\nVoltage: Single-phase 220V<br \/>\nPower: 8.5KW<br \/>\nMachine weight: 1300kg<br \/>\nProduct seed volume: 5-100g<br \/>\nMachine Advantages<br \/>\nIt satisfies the arbitrary variability in shape, pattern and style of the cookie machine, whether it is stuffing, twisting flowers, wire cutting, cutting strips or jam embellishment functions, making the product types rich and flexible.<br \/>\nThe ordinary cookie machine has a single function, but the three-color cookie machine has many functions, and one machine is multi-purpose. Save costs, food factory space, etc.<br \/>\nThe number of molds is large, and various options are available for reference.<br \/>\nHigh machine stability and precision.<br \/>\nThe simple and exquisite humanized operation concept makes the structure more reasonable, convenient for feeding, and convenient for disassembly and washing.<\/p>\n<p>8-2=?<\/p>\n","protected":false},"excerpt":{"rendered":"<p>Cookies\/Biscuit machine SV-700C automatic three-color cookie making machine provides 5 main functions: filling function, twisting function, cutting function, wire cutting function and jam embellishment function&#8230;.<\/p>\n","protected":false},"featured_media":7499,"comment_status":"open","ping_status":"closed","template":"","meta":[],"etheme_brands":[{"term_id":194,"name":"Longyu","slug":"longyu","term_group":0,"term_taxonomy_id":194,"taxonomy":"brand","description":"","parent":0,"count":72,"filter":"raw"}],"product_cat":[54],"product_tag":[133,73,83,173,76],"_links":{"self":[{"href":"https:\/\/www.cncmarketi.com\/index.php\/wp-json\/wp\/v2\/product\/7503"}],"collection":[{"href":"https:\/\/www.cncmarketi.com\/index.php\/wp-json\/wp\/v2\/product"}],"about":[{"href":"https:\/\/www.cncmarketi.com\/index.php\/wp-json\/wp\/v2\/types\/product"}],"replies":[{"embeddable":true,"href":"https:\/\/www.cncmarketi.com\/index.php\/wp-json\/wp\/v2\/comments?post=7503"}],"version-history":[{"count":0,"href":"https:\/\/www.cncmarketi.com\/index.php\/wp-json\/wp\/v2\/product\/7503\/revisions"}],"wp:featuredmedia":[{"embeddable":true,"href":"https:\/\/www.cncmarketi.com\/index.php\/wp-json\/wp\/v2\/media\/7499"}],"wp:attachment":[{"href":"https:\/\/www.cncmarketi.com\/index.php\/wp-json\/wp\/v2\/media?parent=7503"}],"wp:term":[{"taxonomy":"brand","embeddable":true,"href":"https:\/\/www.cncmarketi.com\/index.php\/wp-json\/wp\/v2\/etheme_brands?post=7503"},{"taxonomy":"product_cat","embeddable":true,"href":"https:\/\/www.cncmarketi.com\/index.php\/wp-json\/wp\/v2\/product_cat?post=7503"},{"taxonomy":"product_tag","embeddable":true,"href":"https:\/\/www.cncmarketi.com\/index.php\/wp-json\/wp\/v2\/product_tag?post=7503"}],"curies":[{"name":"wp","href":"https:\/\/api.w.org\/{rel}","templated":true}]}}