{"id":7462,"date":"2023-08-13T15:54:16","date_gmt":"2023-08-13T12:54:16","guid":{"rendered":"https:\/\/www.cncmarketi.com\/index.php\/product\/kucuk-kubba-makinesi-otomatik-gida-makineleri-fabrikasi\/"},"modified":"2023-08-13T16:09:04","modified_gmt":"2023-08-13T13:09:04","slug":"kucuk-kubba-makinesi-otomatik-gida-makineleri-fabrikasi","status":"publish","type":"product","link":"https:\/\/www.cncmarketi.com\/index.php\/product\/kucuk-kubba-makinesi-otomatik-gida-makineleri-fabrikasi\/","title":{"rendered":"K\u00fc\u00e7\u00fck Kubba Makinesi | Otomatik G\u0131da Makineleri Fabrikas\u0131"},"content":{"rendered":"<p>Small Kubba Machine<br \/>\nAutomatic Kibbeh Machine Description\uff1a<br \/>\nSV-180 kibbeh encrusting machine is the smallest food machine in Longyu company. Due to the small volume, cheap price and various functions, it\u2019s also the most popular machine in European and American countries and Middle East countries. It can make kubba, kibbeh, coxinha, croquette, churros, falafel, arancini, kubba musel, meat pie\u2026\u2026<br \/>\nBy changing the cutter, the automatic kubba machine can make kebbeh in different shapes, such as round shape, long strip shape, flat shape, water drop shape, olive shape, pillow shape, etc. Among them, the most popular one is the olive shape. Most customers choose to make 35g, 50g kubba, which is beautiful in appearance and easier to put it into mouth.<br \/>\nMany customers will ask a question, how to use the machine to make kubba in different sizes?<br \/>\nDon\u2019t worry, easy to answer to this question. We use extrusion molds to control the size of kibbeh. If you want to make different size of kubba, just order several extrusion molds with different size.<br \/>\nThe extrusion molds consists of two parts, one is outer mold, another is inner mold, which are made by food material\u2014-P1 material, easy to clean and safe. Usually, we will send 3 sets of extrusion mold free of charge before delivery, customer can choose the size.<br \/>\nAnother way to adjust the weight of the kubba slightly( about 3-5 g): customer can adjust the parameters of filling and kubba dough on the PLC touch screen to change the weight of the kebbeh.<br \/>\nAlso, with the same cutter and mold, the small encrusting machine can make stuffed cookies, soft cookies, chocolate biscuit, dates biscuit. Sticky food is also ok for the kubba machine, such as mochi, ice cream mochi, rice ball, rice cakes, cheese rice cakes. Besides stuffed products, SV-180 encrusting machine also can make food without filling, such as energy balls, protein bars..<br \/>\nAdditionally, optional stainless steel devices are available. With stamping device, user can get dates maamol, mooncake, pineapple cake, pumpkin cakes, sweetheart cakes, soft stuffed cakes. Changing different stamping molds can make maamoul with different patterns. By the way, we support customization, such as patterns, logo, company name and so on.<br \/>\nWith cutting device, the Kubba machine can make long strip products, like cookie bars, protein bars, churros, cereal bar, dates bar, energy bar, chocolate bar\u2026<br \/>\nWith a rounder, the kibbeh machine is available to make many different kinds of ball products, such as date ball, protein ball, energy ball, cookie dough ball, coconut ball, bliss ball, chocolate truffle ball, tamarind ball, cake bites, dough ball, bounty ball, rum ball, sesame ball and so on.<br \/>\nParameters<br \/>\nModel: SV-180<br \/>\nMachine Size: 100*100*138cm<br \/>\nMachnie weight: 180KG<br \/>\nPower: 1.5KW<br \/>\nVoltage: 220V 50\/60Hz Single Phrase<br \/>\nCapacity: 60-80pcs\/min<br \/>\nProduct Weight: 10-150g<br \/>\nKubba Machine Details<br \/>\nFeatures<br \/>\n304 stainless steel, food grade material, durable and easy to clean.<br \/>\nHigh speed. Up to 90 pcs\/min.<br \/>\nError of each product within 1g, stable product weight.<br \/>\nPLC intelligent touch screen, easy to operate for beginners.<br \/>\nFamous electric components, OTG motor, Delta PLC &#038; inverters, make the machine operational performance more stabler.<br \/>\nCan save the production data of 99 products\uff0c just need to adjust the parameters one time for single product.<br \/>\nAvailable for gluten dough, such as steamed bun, mantou, momo, baozi, siopao.<br \/>\nSmall volume, suitable for small shop, restaurant, breakfast shop.<br \/>\nkibbeh Making Machine Demo Video<\/p>\n<p>8-2=?<\/p>\n","protected":false},"excerpt":{"rendered":"<p>Small Kubba Machine Automatic Kibbeh Machine Description\uff1a SV-180 kibbeh encrusting machine is the smallest food machine in Longyu company. Due to the small volume, cheap&#8230;<\/p>\n","protected":false},"featured_media":7458,"comment_status":"open","ping_status":"closed","template":"","meta":[],"etheme_brands":[{"term_id":194,"name":"Longyu","slug":"longyu","term_group":0,"term_taxonomy_id":194,"taxonomy":"brand","description":"","parent":0,"count":72,"filter":"raw"}],"product_cat":[54],"product_tag":[116,117,118,140,135,126],"_links":{"self":[{"href":"https:\/\/www.cncmarketi.com\/index.php\/wp-json\/wp\/v2\/product\/7462"}],"collection":[{"href":"https:\/\/www.cncmarketi.com\/index.php\/wp-json\/wp\/v2\/product"}],"about":[{"href":"https:\/\/www.cncmarketi.com\/index.php\/wp-json\/wp\/v2\/types\/product"}],"replies":[{"embeddable":true,"href":"https:\/\/www.cncmarketi.com\/index.php\/wp-json\/wp\/v2\/comments?post=7462"}],"version-history":[{"count":0,"href":"https:\/\/www.cncmarketi.com\/index.php\/wp-json\/wp\/v2\/product\/7462\/revisions"}],"wp:featuredmedia":[{"embeddable":true,"href":"https:\/\/www.cncmarketi.com\/index.php\/wp-json\/wp\/v2\/media\/7458"}],"wp:attachment":[{"href":"https:\/\/www.cncmarketi.com\/index.php\/wp-json\/wp\/v2\/media?parent=7462"}],"wp:term":[{"taxonomy":"brand","embeddable":true,"href":"https:\/\/www.cncmarketi.com\/index.php\/wp-json\/wp\/v2\/etheme_brands?post=7462"},{"taxonomy":"product_cat","embeddable":true,"href":"https:\/\/www.cncmarketi.com\/index.php\/wp-json\/wp\/v2\/product_cat?post=7462"},{"taxonomy":"product_tag","embeddable":true,"href":"https:\/\/www.cncmarketi.com\/index.php\/wp-json\/wp\/v2\/product_tag?post=7462"}],"curies":[{"name":"wp","href":"https:\/\/api.w.org\/{rel}","templated":true}]}}