{"id":7367,"date":"2023-08-13T15:53:11","date_gmt":"2023-08-13T12:53:11","guid":{"rendered":"https:\/\/www.cncmarketi.com\/index.php\/product\/sv-209-ekmek-yapma-makine-hatti-otomatik-gida-makineleri-fabrikasi\/"},"modified":"2023-08-13T16:11:04","modified_gmt":"2023-08-13T13:11:04","slug":"sv-209-ekmek-yapma-makine-hatti-otomatik-gida-makineleri-fabrikasi","status":"publish","type":"product","link":"https:\/\/www.cncmarketi.com\/index.php\/product\/sv-209-ekmek-yapma-makine-hatti-otomatik-gida-makineleri-fabrikasi\/","title":{"rendered":"SV-209 Ekmek Yapma Makine Hatt\u0131 | Otomatik G\u0131da Makineleri Fabrikas\u0131"},"content":{"rendered":"<p>Bread &#038; Pizza&#038;Pastry pie machine<br \/>\nSV-209 Bread making machine line applicable to production: French Baguette bread, Toast bread, sliced bread,etc.The device with two way round pressure surface and roll out device of rolling extension, make the face more luster, quality more stable, do not damage the face skin tissue, fever, product weight, stable quality, small error;The device also has the function of synchronous speed, the operation more simple.<br \/>\nif you want to get more information,pls send inquiry to us!<br \/>\nDescription<br \/>\nBread production line mainly contains pressing machine, divider machine, main machine,<br \/>\nfilling machine,cutter machine,dough rolling machine and auto arranging machine. Of course<br \/>\nwith the bread mixer and proofer and other baking equipment more complete. The bread machine<br \/>\ncan make hamberger buns, loaf, french bread,toast bread, baguette, buns,bread rolls, dinner rolls,<br \/>\nround hamburger bread, sandwich bread etc.The fillings could be chocolate,jams, cream, bean paste,<br \/>\nmeat, paste mixed with small nuts (sesame, corn, peanut), etc.<br \/>\nName<br \/>\nDimensions<br \/>\nMachine weight<br \/>\nVoltage<br \/>\nPower<br \/>\nProduction speed<br \/>\nFood weight<br \/>\nPressing Machine<br \/>\n157*109*150cm<br \/>\n650kg<br \/>\n380V<br \/>\n3.29KW<br \/>\n80-150pcs\/min<br \/>\n10-150g<br \/>\nDivider machine<br \/>\n165*61*131cm<br \/>\n210kg<br \/>\n220V<br \/>\n0.52KW<br \/>\nMain machine<br \/>\n450*66*168cm<br \/>\n375kg<br \/>\n380V<br \/>\n2.5KW<br \/>\nFilling machine<br \/>\n66*75*146cm<br \/>\n85kg<br \/>\n220V<br \/>\n0.5KW<br \/>\nCutter machine<br \/>\n130*58*64cm<br \/>\n75kg<br \/>\n220V<br \/>\n0.2KW<br \/>\nDough rolling machine<br \/>\n52*87*81cm<br \/>\n135kg<br \/>\n220V<br \/>\n0.5KW<br \/>\nAuto arranging machine<br \/>\n185*156*164cm<br \/>\n220V<br \/>\n220V<br \/>\n1.5KW<br \/>\nMachine Advantages<br \/>\nLimited budget can also give you a complete bread production line<br \/>\nMade of stainless steel fully<br \/>\nNo harm to dough,imitate handmade breads and keep nice taste<br \/>\nBreads size and weight can be adjusted as need by PLC setting<br \/>\nDesign the machine to make different types bread according to customer\u2019s requirement<br \/>\nFood Display<\/p>\n","protected":false},"excerpt":{"rendered":"<p>Bread &#038; Pizza&#038;Pastry pie machine SV-209 Bread making machine line applicable to production: French Baguette bread, Toast bread, sliced bread,etc.The device with two way round&#8230;<\/p>\n","protected":false},"featured_media":7365,"comment_status":"open","ping_status":"closed","template":"","meta":[],"etheme_brands":[{"term_id":194,"name":"Longyu","slug":"longyu","term_group":0,"term_taxonomy_id":194,"taxonomy":"brand","description":"","parent":0,"count":72,"filter":"raw"}],"product_cat":[54],"product_tag":[104,105,106,107,108],"_links":{"self":[{"href":"https:\/\/www.cncmarketi.com\/index.php\/wp-json\/wp\/v2\/product\/7367"}],"collection":[{"href":"https:\/\/www.cncmarketi.com\/index.php\/wp-json\/wp\/v2\/product"}],"about":[{"href":"https:\/\/www.cncmarketi.com\/index.php\/wp-json\/wp\/v2\/types\/product"}],"replies":[{"embeddable":true,"href":"https:\/\/www.cncmarketi.com\/index.php\/wp-json\/wp\/v2\/comments?post=7367"}],"version-history":[{"count":0,"href":"https:\/\/www.cncmarketi.com\/index.php\/wp-json\/wp\/v2\/product\/7367\/revisions"}],"wp:featuredmedia":[{"embeddable":true,"href":"https:\/\/www.cncmarketi.com\/index.php\/wp-json\/wp\/v2\/media\/7365"}],"wp:attachment":[{"href":"https:\/\/www.cncmarketi.com\/index.php\/wp-json\/wp\/v2\/media?parent=7367"}],"wp:term":[{"taxonomy":"brand","embeddable":true,"href":"https:\/\/www.cncmarketi.com\/index.php\/wp-json\/wp\/v2\/etheme_brands?post=7367"},{"taxonomy":"product_cat","embeddable":true,"href":"https:\/\/www.cncmarketi.com\/index.php\/wp-json\/wp\/v2\/product_cat?post=7367"},{"taxonomy":"product_tag","embeddable":true,"href":"https:\/\/www.cncmarketi.com\/index.php\/wp-json\/wp\/v2\/product_tag?post=7367"}],"curies":[{"name":"wp","href":"https:\/\/api.w.org\/{rel}","templated":true}]}}