{"id":7001,"date":"2023-08-10T21:44:27","date_gmt":"2023-08-10T18:44:27","guid":{"rendered":"https:\/\/www.cncmarketi.com\/index.php\/product\/kucuk-toroid-sarma-makinesi-wh-900\/"},"modified":"2023-08-10T22:44:42","modified_gmt":"2023-08-10T19:44:42","slug":"kucuk-toroid-sarma-makinesi-wh-900","status":"publish","type":"product","link":"https:\/\/www.cncmarketi.com\/index.php\/product\/kucuk-toroid-sarma-makinesi-wh-900\/","title":{"rendered":"K\u00fc\u00e7\u00fck Toroid Sarma Makinesi Wh-900"},"content":{"rendered":"<p>Specification<\/p>\n<p> Program<br \/>\n TWC-01 digital controller holds up to 999 program steps<br \/>\n Control<br \/>\n DC 400 W main motor, with stepper motor for toroid core rotation<br \/>\n Features<br \/>\n Choice of Belt or Slider type winding heads both available in 4 or 6 inch versions<br \/>\n Package Includes<br \/>\n Base, core rotator, winding head, your first shuttle, and comprehensive manual<br \/>\n Wire size<br \/>\n 0.05 \u2013 1.1 mm (depending on machine head type and shuttle size)<br \/>\n O D Range<br \/>\n 5 \u2013 60 mm<br \/>\n Min finished I D<br \/>\n 3 mm (depends on shuttle size &#038; core height)<br \/>\n Min wire size<br \/>\n Depends on shuttle size and head type<br \/>\n Max speed<br \/>\n 1500 rpm (depending on winding head)<br \/>\n Power<br \/>\n AC 230 \/ 110 V \u00b1 10%, 50 &#8211; 60hz<br \/>\n Dims<br \/>\n 600 x 620 x 640 mm<br \/>\n Net weight<br \/>\n 70 kg<br \/>\n CE cert.<br \/>\n no.AE9955093 01<\/p>\n<p> Click for larger image<br \/>\n The WH-900 is a digitally controlled toroid winding machine, ideally suited to the manufacture of toroidal power transformers, isolation transformers, inductors, chokes, and other toroidal devices of up to 60mm finished outside diameter.<br \/>\n The machine can be equipped with either 4 or 6 inch toroid winding heads, both of which are available in belt and side slider versions.<br \/>\n The machine features automatic control over wire load length, running speed, acceleration and de-acceleration, etc, and programs for winding even the most complex toroids can be stored in memory for later use. The advanced fibre optic wire detection system includes a &#8220;teach-in&#8221; function for accurate and reliable turns count, even with coloured wires.<\/p>\n","protected":false},"excerpt":{"rendered":"<p>Specification Program TWC-01 digital controller holds up to 999 program steps Control DC 400 W main motor, with stepper motor for toroid core rotation Features&#8230;<\/p>\n","protected":false},"featured_media":7000,"comment_status":"open","ping_status":"closed","template":"","meta":[],"etheme_brands":[{"term_id":68,"name":"Ingrid West","slug":"ingrid-west","term_group":0,"term_taxonomy_id":68,"taxonomy":"brand","description":"","parent":0,"count":60,"filter":"raw"}],"product_cat":[63],"product_tag":[],"_links":{"self":[{"href":"https:\/\/www.cncmarketi.com\/index.php\/wp-json\/wp\/v2\/product\/7001"}],"collection":[{"href":"https:\/\/www.cncmarketi.com\/index.php\/wp-json\/wp\/v2\/product"}],"about":[{"href":"https:\/\/www.cncmarketi.com\/index.php\/wp-json\/wp\/v2\/types\/product"}],"replies":[{"embeddable":true,"href":"https:\/\/www.cncmarketi.com\/index.php\/wp-json\/wp\/v2\/comments?post=7001"}],"version-history":[{"count":0,"href":"https:\/\/www.cncmarketi.com\/index.php\/wp-json\/wp\/v2\/product\/7001\/revisions"}],"wp:featuredmedia":[{"embeddable":true,"href":"https:\/\/www.cncmarketi.com\/index.php\/wp-json\/wp\/v2\/media\/7000"}],"wp:attachment":[{"href":"https:\/\/www.cncmarketi.com\/index.php\/wp-json\/wp\/v2\/media?parent=7001"}],"wp:term":[{"taxonomy":"brand","embeddable":true,"href":"https:\/\/www.cncmarketi.com\/index.php\/wp-json\/wp\/v2\/etheme_brands?post=7001"},{"taxonomy":"product_cat","embeddable":true,"href":"https:\/\/www.cncmarketi.com\/index.php\/wp-json\/wp\/v2\/product_cat?post=7001"},{"taxonomy":"product_tag","embeddable":true,"href":"https:\/\/www.cncmarketi.com\/index.php\/wp-json\/wp\/v2\/product_tag?post=7001"}],"curies":[{"name":"wp","href":"https:\/\/api.w.org\/{rel}","templated":true}]}}