{"id":6992,"date":"2023-08-10T21:44:26","date_gmt":"2023-08-10T18:44:26","guid":{"rendered":"https:\/\/www.cncmarketi.com\/index.php\/product\/tek-mil-cok-yonlu-bobin-sarma-makinesi-wh-751\/"},"modified":"2023-08-10T22:44:42","modified_gmt":"2023-08-10T19:44:42","slug":"tek-mil-cok-yonlu-bobin-sarma-makinesi-wh-751","status":"publish","type":"product","link":"https:\/\/www.cncmarketi.com\/index.php\/product\/tek-mil-cok-yonlu-bobin-sarma-makinesi-wh-751\/","title":{"rendered":"Tek Mil \u00c7ok Y\u00f6nl\u00fc Bobin Sarma Makinesi Wh-751"},"content":{"rendered":"<p>Specification<\/p>\n<p> Program:<br \/>\n Microprocessor controlled, capable of holding 999 program sequences, which may be run independently or in selected blocks for compound windings.<br \/>\n Control:<br \/>\n Spindle drive &#8211; High torque brushless DC induction motor.<br \/>\n Traverse &#8211; Constant current driven 4-phase stepper motor.<br \/>\n Features:<br \/>\n Selectable spindle drive ratio, long bed, tailstock, large range of accessories.<br \/>\n Application:<br \/>\n Transformers, chokes, solenoids, motors, inductors with heavy, medium and fine wire.<br \/>\n Package Includes:<br \/>\n Tensioner stand, tailstock, footswitch and comprehensive manual.<br \/>\n Optional Items:<br \/>\n Wire tensioner, wire guide head, custom tooling etc as required for application.<br \/>\n Wire size:<br \/>\n 0.020 mm \u2013 3.0 mm (with appropriate wire tensioner and guider options.)<br \/>\n Maximum Pitch:<br \/>\n 10 mm<br \/>\n Winding Width:<br \/>\n 300 mm (max)* 700 mm (option)<br \/>\n Bobbin Diameter:<br \/>\n 200 mm (max)<br \/>\n Max speed:<br \/>\n 800 \/ 3000 rpm (belt changeover) or 400 \/ 1600 rpm (option).<br \/>\n Max Torque:<br \/>\n 8.8 Nm (800 rpm) \/ 1.2 Nm (3000 rpm)<br \/>\n 17.6 Nm (400 rpm) \/ 2.2 Nm (1600 rpm)<br \/>\n Power:<br \/>\n AC 230 \/ 110 V \u00b1 10%, 50 &#8211; 60hz<br \/>\n Dimensions:<br \/>\n 950 x 520 x 600 mm<br \/>\n Net weight:<br \/>\n 58kg<br \/>\n CE cert.<br \/>\n No.AE9955093 01<\/p>\n<p> Click for larger image<\/p>\n<p> The WH-751 is a benchtop coil winding machine with digital control for semi-automatic operation, and tailstock for additional support for the workpiece. Two spindle drive ratios can be selected by means of a belt and pulley system to provide a wide range of torque and speed combinations for maximum versatility. Alternatively, users requiring higher speed may prefer the 3000 rpm maximum single range option.<\/p>\n<p> The digital control regulates all of the fundamental winding parameters such as winding speed, wire pitch, acceleration, braking, and turns count. Using the simple programming system and multi-step programs, complex windings can be generated with ease. Stored programs can be instantly recalled, reducing machine setup time for product changeover.<\/p>\n<p> Depending on application, the user may choose from a comprehensive selection of accessories, including wire guide heads, wire tensioners, taping attachments, and a variable speed footpedal.<\/p>\n<p> Using appropriate accessories, this versatile coil winding machine is capable of winding a wide variety of products and is therefore an excellent choice for general use in production or prototyping departments.<\/p>\n","protected":false},"excerpt":{"rendered":"<p>Specification Program: Microprocessor controlled, capable of holding 999 program sequences, which may be run independently or in selected blocks for compound windings. Control: Spindle drive&#8230;<\/p>\n","protected":false},"featured_media":6990,"comment_status":"open","ping_status":"closed","template":"","meta":[],"etheme_brands":[{"term_id":68,"name":"Ingrid West","slug":"ingrid-west","term_group":0,"term_taxonomy_id":68,"taxonomy":"brand","description":"","parent":0,"count":60,"filter":"raw"}],"product_cat":[63],"product_tag":[],"_links":{"self":[{"href":"https:\/\/www.cncmarketi.com\/index.php\/wp-json\/wp\/v2\/product\/6992"}],"collection":[{"href":"https:\/\/www.cncmarketi.com\/index.php\/wp-json\/wp\/v2\/product"}],"about":[{"href":"https:\/\/www.cncmarketi.com\/index.php\/wp-json\/wp\/v2\/types\/product"}],"replies":[{"embeddable":true,"href":"https:\/\/www.cncmarketi.com\/index.php\/wp-json\/wp\/v2\/comments?post=6992"}],"version-history":[{"count":0,"href":"https:\/\/www.cncmarketi.com\/index.php\/wp-json\/wp\/v2\/product\/6992\/revisions"}],"wp:featuredmedia":[{"embeddable":true,"href":"https:\/\/www.cncmarketi.com\/index.php\/wp-json\/wp\/v2\/media\/6990"}],"wp:attachment":[{"href":"https:\/\/www.cncmarketi.com\/index.php\/wp-json\/wp\/v2\/media?parent=6992"}],"wp:term":[{"taxonomy":"brand","embeddable":true,"href":"https:\/\/www.cncmarketi.com\/index.php\/wp-json\/wp\/v2\/etheme_brands?post=6992"},{"taxonomy":"product_cat","embeddable":true,"href":"https:\/\/www.cncmarketi.com\/index.php\/wp-json\/wp\/v2\/product_cat?post=6992"},{"taxonomy":"product_tag","embeddable":true,"href":"https:\/\/www.cncmarketi.com\/index.php\/wp-json\/wp\/v2\/product_tag?post=6992"}],"curies":[{"name":"wp","href":"https:\/\/api.w.org\/{rel}","templated":true}]}}