{"id":6989,"date":"2023-08-10T21:44:25","date_gmt":"2023-08-10T18:44:25","guid":{"rendered":"https:\/\/www.cncmarketi.com\/index.php\/product\/iki-ig-bobin-sarma-makinesi-agir-tel-wh-752\/"},"modified":"2023-08-10T22:44:42","modified_gmt":"2023-08-10T19:44:42","slug":"iki-ig-bobin-sarma-makinesi-agir-tel-wh-752","status":"publish","type":"product","link":"https:\/\/www.cncmarketi.com\/index.php\/product\/iki-ig-bobin-sarma-makinesi-agir-tel-wh-752\/","title":{"rendered":"\u0130ki \u0130\u011f Bobin Sarma Makinesi, A\u011f\u0131r Tel Wh-752"},"content":{"rendered":"<p>Specification<\/p>\n<p> Program:<br \/>\n Microprocessor controlled, capable of holding 999 program sequences which may be run independently or in selected blocks for compound windings.<br \/>\n Control:<br \/>\n Spindle drive &#8211; High torque brushless DC induction motor producing a max torque 157 Ncm.<br \/>\n Traverse &#8211; Constant current driven 4-phase stepper motor.<br \/>\n Application:<br \/>\n Roller type wire guide head and separate wire tensioning units for each spindle. Each wire guide head is fully adjustable so that winding may be done simultaneously on both spindles.<br \/>\n Package Includes:<br \/>\n Includes 2 x roller wire guides and 2 x wire tension units, with comprehensive manual.<br \/>\n Wire size:<br \/>\n 0.3 \u2013 1.6 mm<br \/>\n Maximum Pitch:<br \/>\n 10 mm<br \/>\n Winding Width:<br \/>\n 110 mm (max)<br \/>\n Bobbin Diameter:<br \/>\n 110 mm (max)<br \/>\n Max speed:<br \/>\n 3000 rpm<br \/>\n Power:<br \/>\n AC 230 \/ 110 V \u00b1 10%, 50 &#8211; 60hz<br \/>\n Dimensions:<br \/>\n 600 x 480 x 900 mm<br \/>\n Net weight:<br \/>\n 55kg<br \/>\n CE cert.<br \/>\n No.AE9955093 01<\/p>\n<p> Click for larger image<br \/>\n The WH-752 is a compact benchtop coil winding machine with digital control for semi-automatic operation, ideal for winding inductors that require a larger wire size.<br \/>\n The machine is equipped with a roller type wire feeder system and wire tension control unit for each spindle, each being independently adjustable to enable winding to be carried out on the two spindles in parallel.<\/p>\n<p> The digital control regulates all of the fundamental winding parameters such as winding speed, wire pitch, acceleration, braking, and turns count. Using the simple programming system and multi-step programs, complex windings can be generated with ease. Stored programs can be instantly recalled, reducing machine setup time for product changeover to a minimum.<\/p>\n","protected":false},"excerpt":{"rendered":"<p>Specification Program: Microprocessor controlled, capable of holding 999 program sequences which may be run independently or in selected blocks for compound windings. Control: Spindle drive&#8230;<\/p>\n","protected":false},"featured_media":6988,"comment_status":"open","ping_status":"closed","template":"","meta":[],"etheme_brands":[{"term_id":68,"name":"Ingrid West","slug":"ingrid-west","term_group":0,"term_taxonomy_id":68,"taxonomy":"brand","description":"","parent":0,"count":60,"filter":"raw"}],"product_cat":[63],"product_tag":[],"_links":{"self":[{"href":"https:\/\/www.cncmarketi.com\/index.php\/wp-json\/wp\/v2\/product\/6989"}],"collection":[{"href":"https:\/\/www.cncmarketi.com\/index.php\/wp-json\/wp\/v2\/product"}],"about":[{"href":"https:\/\/www.cncmarketi.com\/index.php\/wp-json\/wp\/v2\/types\/product"}],"replies":[{"embeddable":true,"href":"https:\/\/www.cncmarketi.com\/index.php\/wp-json\/wp\/v2\/comments?post=6989"}],"version-history":[{"count":0,"href":"https:\/\/www.cncmarketi.com\/index.php\/wp-json\/wp\/v2\/product\/6989\/revisions"}],"wp:featuredmedia":[{"embeddable":true,"href":"https:\/\/www.cncmarketi.com\/index.php\/wp-json\/wp\/v2\/media\/6988"}],"wp:attachment":[{"href":"https:\/\/www.cncmarketi.com\/index.php\/wp-json\/wp\/v2\/media?parent=6989"}],"wp:term":[{"taxonomy":"brand","embeddable":true,"href":"https:\/\/www.cncmarketi.com\/index.php\/wp-json\/wp\/v2\/etheme_brands?post=6989"},{"taxonomy":"product_cat","embeddable":true,"href":"https:\/\/www.cncmarketi.com\/index.php\/wp-json\/wp\/v2\/product_cat?post=6989"},{"taxonomy":"product_tag","embeddable":true,"href":"https:\/\/www.cncmarketi.com\/index.php\/wp-json\/wp\/v2\/product_tag?post=6989"}],"curies":[{"name":"wp","href":"https:\/\/api.w.org\/{rel}","templated":true}]}}