{"id":6933,"date":"2023-08-10T15:36:16","date_gmt":"2023-08-10T12:36:16","guid":{"rendered":"https:\/\/www.cncmarketi.com\/index.php\/product\/on-isitma-plakasi-t-8280\/"},"modified":"2023-08-10T15:52:53","modified_gmt":"2023-08-10T12:52:53","slug":"on-isitma-plakasi-t-8280","status":"publish","type":"product","link":"https:\/\/www.cncmarketi.com\/index.php\/product\/on-isitma-plakasi-t-8280\/","title":{"rendered":"\u00d6n Is\u0131tma Plakas\u0131 T-8280"},"content":{"rendered":"<div class=\"product-meta\" data-mce-fragment=\"1\">\n<p data-mce-fragment=\"1\"><strong>This machine is with infrared component to give off heat which independent exploration, adopts advanced PID intelligent temperature, controls temperature precisely.Can preheat PCB efficiency.<\/strong><\/p>\n<\/div>\n","protected":false},"excerpt":{"rendered":"<p>This machine is with infrared component to give off heat which independent exploration, adopts advanced PID intelligent temperature, controls temperature precisely.Can preheat PCB efficiency.<\/p>\n","protected":false},"featured_media":6928,"comment_status":"open","ping_status":"closed","template":"","meta":[],"etheme_brands":[{"term_id":60,"name":"Puhui","slug":"puhui","term_group":0,"term_taxonomy_id":60,"taxonomy":"brand","description":"","parent":0,"count":27,"filter":"raw"}],"product_cat":[63],"product_tag":[],"_links":{"self":[{"href":"https:\/\/www.cncmarketi.com\/index.php\/wp-json\/wp\/v2\/product\/6933"}],"collection":[{"href":"https:\/\/www.cncmarketi.com\/index.php\/wp-json\/wp\/v2\/product"}],"about":[{"href":"https:\/\/www.cncmarketi.com\/index.php\/wp-json\/wp\/v2\/types\/product"}],"replies":[{"embeddable":true,"href":"https:\/\/www.cncmarketi.com\/index.php\/wp-json\/wp\/v2\/comments?post=6933"}],"version-history":[{"count":0,"href":"https:\/\/www.cncmarketi.com\/index.php\/wp-json\/wp\/v2\/product\/6933\/revisions"}],"wp:featuredmedia":[{"embeddable":true,"href":"https:\/\/www.cncmarketi.com\/index.php\/wp-json\/wp\/v2\/media\/6928"}],"wp:attachment":[{"href":"https:\/\/www.cncmarketi.com\/index.php\/wp-json\/wp\/v2\/media?parent=6933"}],"wp:term":[{"taxonomy":"brand","embeddable":true,"href":"https:\/\/www.cncmarketi.com\/index.php\/wp-json\/wp\/v2\/etheme_brands?post=6933"},{"taxonomy":"product_cat","embeddable":true,"href":"https:\/\/www.cncmarketi.com\/index.php\/wp-json\/wp\/v2\/product_cat?post=6933"},{"taxonomy":"product_tag","embeddable":true,"href":"https:\/\/www.cncmarketi.com\/index.php\/wp-json\/wp\/v2\/product_tag?post=6933"}],"curies":[{"name":"wp","href":"https:\/\/api.w.org\/{rel}","templated":true}]}}