{"id":6903,"date":"2023-08-10T15:35:41","date_gmt":"2023-08-10T12:35:41","guid":{"rendered":"https:\/\/www.cncmarketi.com\/index.php\/product\/infrared-reflow-firini-t-937m\/"},"modified":"2023-08-10T15:52:53","modified_gmt":"2023-08-10T12:52:53","slug":"infrared-reflow-firini-t-937m","status":"publish","type":"product","link":"https:\/\/www.cncmarketi.com\/index.php\/product\/infrared-reflow-firini-t-937m\/","title":{"rendered":"Infrared Reflow F\u0131r\u0131n\u0131 T-937M"},"content":{"rendered":"<div class=\"product-meta\" data-mce-fragment=\"1\">\n<h4 data-mce-fragment=\"1\">Infrared Reflow Oven T-937M solder leadfree paste very well. Adopt stable and high-speed MCU and advanced intelligent temperature measurement technology, temperature in the oven is very stable,exact and even.<\/h4>\n<p><b><strong>1.This oven can <u data-mce-fragment=\"1\">connect with PC<\/u>, easy to input\/set\/transmit\/adjust\/save\/manage curve data.<br \/>2.Kinds of\u00a0<\/strong><\/b><b><strong>curves input style in control software, easy to set .<br \/>3.The control software is with graphical display, display the curve intuitively. <br \/>Also\u00a0with printing function, easy to save\/manage\/analysis the curve data.<br \/>4.The control software is with 299 kinds of paste data inside.<br \/><\/strong><\/b><b><strong>5.Adds the <u>compensation circuit<\/u>, make the oven temperature keep stable from different environment.<br \/>6.<u> Hot air fan<\/u> inside, to make the temperature inside more even.<br \/>7.The temperature range is from room temp to 350\u2103, suit for <u>single\/double-sided <\/u>PCB board and <u>lead\/leadfree<\/u> paste soldering.<br \/>8.Adds <u>special exhaust on the back<\/u>, provides <u>good operation environment<\/u>.<br \/>9.Friendly human-machine operation interface, perfect LCD display, <u>very easy to operate<\/u>.<br \/>10.Good database management function.<br \/>11.Thermostatic timer function.<\/strong><\/b><\/p>\n<\/div>\n","protected":false},"excerpt":{"rendered":"<p>Infrared Reflow Oven T-937M solder leadfree paste very well. Adopt stable and high-speed MCU and advanced intelligent temperature measurement technology, temperature in the oven is&#8230;<\/p>\n","protected":false},"featured_media":6896,"comment_status":"open","ping_status":"closed","template":"","meta":[],"etheme_brands":[{"term_id":60,"name":"Puhui","slug":"puhui","term_group":0,"term_taxonomy_id":60,"taxonomy":"brand","description":"","parent":0,"count":27,"filter":"raw"}],"product_cat":[63],"product_tag":[],"_links":{"self":[{"href":"https:\/\/www.cncmarketi.com\/index.php\/wp-json\/wp\/v2\/product\/6903"}],"collection":[{"href":"https:\/\/www.cncmarketi.com\/index.php\/wp-json\/wp\/v2\/product"}],"about":[{"href":"https:\/\/www.cncmarketi.com\/index.php\/wp-json\/wp\/v2\/types\/product"}],"replies":[{"embeddable":true,"href":"https:\/\/www.cncmarketi.com\/index.php\/wp-json\/wp\/v2\/comments?post=6903"}],"version-history":[{"count":0,"href":"https:\/\/www.cncmarketi.com\/index.php\/wp-json\/wp\/v2\/product\/6903\/revisions"}],"wp:featuredmedia":[{"embeddable":true,"href":"https:\/\/www.cncmarketi.com\/index.php\/wp-json\/wp\/v2\/media\/6896"}],"wp:attachment":[{"href":"https:\/\/www.cncmarketi.com\/index.php\/wp-json\/wp\/v2\/media?parent=6903"}],"wp:term":[{"taxonomy":"brand","embeddable":true,"href":"https:\/\/www.cncmarketi.com\/index.php\/wp-json\/wp\/v2\/etheme_brands?post=6903"},{"taxonomy":"product_cat","embeddable":true,"href":"https:\/\/www.cncmarketi.com\/index.php\/wp-json\/wp\/v2\/product_cat?post=6903"},{"taxonomy":"product_tag","embeddable":true,"href":"https:\/\/www.cncmarketi.com\/index.php\/wp-json\/wp\/v2\/product_tag?post=6903"}],"curies":[{"name":"wp","href":"https:\/\/api.w.org\/{rel}","templated":true}]}}