{"id":6358,"date":"2023-08-06T08:35:46","date_gmt":"2023-08-06T05:35:46","guid":{"rendered":"https:\/\/www.cncmarketi.com\/index.php\/product\/xenon-lamba-yaslanma-test-odasi-kumas-gunes-isik-ayakkabi-yaslanma-test-cihazi\/"},"modified":"2023-08-06T08:55:40","modified_gmt":"2023-08-06T05:55:40","slug":"xenon-lamba-yaslanma-test-odasi-kumas-gunes-isik-ayakkabi-yaslanma-test-cihazi","status":"publish","type":"product","link":"https:\/\/www.cncmarketi.com\/index.php\/product\/xenon-lamba-yaslanma-test-odasi-kumas-gunes-isik-ayakkabi-yaslanma-test-cihazi\/","title":{"rendered":"Xenon Lamba Ya\u015flanma Test Odas\u0131, Kuma\u015f G\u00fcne\u015f I\u015f\u0131k Ayakkab\u0131 Ya\u015flanma Test Cihaz\u0131"},"content":{"rendered":"<p>\u63cf\u8ff0<br \/>\nSummary: Xenon Lamp Test Chamber adopts the xenon arc lamp that can simulate full sunlight spectrum to reproduce destructive light waves existing in different environments so as to provide the corresponding environment simulation and acceleration test for scientific research, product development and quality control. The inner bladder of the chamber is made of imported high-class stainless steel plate while the outer bladder is made of SUS#304 steel plate sprayed with plastic.<br \/>\nAdopts the full spectrum xenon lamp with the functions of temperature and humidity, illumination, spray and condensation.<br \/>\nStandards:<br \/>\nGB12831-86 Vulcanized rubber artificial climate (xenon lamp) Aging Test Method<br \/>\nGB\/T8427-89 Textile color fastness test, resistance to artificial light fastness xenon arc<br \/>\nGB\/T8430-98 Textile color fastness test, resistance to artificial light fastness xenon arc<br \/>\nGB\/T1865-97 Paints, varnishes, artificial weather aging and artificial radiation exposure<br \/>\nGB\/T5137.3-96 Simulated climate test method of resistant to radiation, heat, humidity, burning<br \/>\nGB\/T16259-96 Color building materials, artificial climate accelerated aging test method.<br \/>\nISO 105 B02 Textiles\u2013 Part B02: Colour fastness to artificial light: Xenon arc fading lamp test<br \/>\nISO 4892-2 Plastic\u2013 Methods of exposure to laboratory light sources\u2013 Part 2: Xenon arc lamps<br \/>\nFeatures<br \/>\nInner chamber is made of advance stainless steel pate , outside skin is made of SUS304# stainless steel card pate .<br \/>\nDynamic rotating sample frame, speed can be adjusted.<br \/>\nUsing the imported intelligence temperature control instrument, with the PID adjustment ,fast auto-tuning ,can set up many kinds of technical parameters. Temperature direct digital display, reading is very convenient.<br \/>\nThe combination of high transmittance filter, the use of 95% transmittance filter and filter tube, reach the same irradiance light requirements of low power consumption, make the instrument more energy saving and environmental protection.<br \/>\nDouble metal the blackboard thermometer.<br \/>\nVariety of safety protection devices.<br \/>\nIrradiance digital setting, real-time monitoring, closed-loop automatic regulation, providing the most stable irradiance test light source for different standards (340nm\u3001420nm\u3001300-400nm and 300-800nmoptional purchase)<br \/>\nMultiple operating modes (rain, alternating light and dark, revolution, rotation) can simulate real climate conditions.<br \/>\nMain Technical Parameters<br \/>\nTest Chamber Size<br \/>\n500*600*500mm \/ 550*600*700mm(D*W*H) or specified<br \/>\nTest Chamber Volume<br \/>\n150L \/ 231L or specified<br \/>\nTest<br \/>\nIndex<br \/>\nTemperature range<br \/>\nRoom temperature+10\u00b0C~80\u00b0C \u00b13\u00b0C<br \/>\nTemperature uniformity<br \/>\n\u22642\u00b0C<br \/>\nTemperature fluctuation<br \/>\n\u00b10.5\u00b0C<br \/>\nTemperature deviation<br \/>\n\u2264\u00b12\u00b0C<br \/>\nHeating speed<br \/>\n5 degree\/Min<br \/>\nHumidity range<br \/>\n30%~95%<br \/>\nHumidity uniformity<br \/>\n\u22642\u00b0C<br \/>\nBalckboard temperature<br \/>\nrange<br \/>\n40\u00b0C~80\u00b0C\u00b13\u00b0C<br \/>\nWater spray period<br \/>\n0min ~ 99h adjustable<br \/>\nWater spray pressure<br \/>\n3Kpa<br \/>\nWater spray time<br \/>\n0min ~ 99h adjustable<br \/>\nLamp nominal power<br \/>\n1.8KW\/1pcs(air cooled)<br \/>\nLamp life time<br \/>\nAverage life 1200~1600h(Consumable do not guarantee)<br \/>\nWavelength<br \/>\n(290-800nm)<br \/>\nStructure<br \/>\nand<br \/>\nmaterial<br \/>\nStructure<br \/>\nThe chamber mainly departed into test chamber, electronic controlling cabinet and machinery chamber 3 parts.<br \/>\nThe left side is test chamber, single door from right to left.<br \/>\nRight side is electronic controlling cabinet, there are temperature controller, switches, error indicator on the controlling panel.<br \/>\nMachinery chamber is right beside the test chamber, contain filter,solenoid valve and other components.<br \/>\nHeating Material<br \/>\nPainted steel plate<br \/>\nInner chamber material<br \/>\nSUS304 stainless steel, corrosion resisting, easy cleaning and beautiful<br \/>\nHeat preservation material<br \/>\nPolyurethane rigid foam<br \/>\nTest hole<br \/>\n50mm test hole on the left wall with soft inside plug and sealed cover<br \/>\nDoor<br \/>\nThe single open the door, door and door design around the automatic add hotline,in different work conditions to be automatic operation, ensure the equipment in low temperature environment gate not gel and not frost<\/p>\n","protected":false},"excerpt":{"rendered":"<p>\u63cf\u8ff0 Summary: Xenon Lamp Test Chamber adopts the xenon arc lamp that can simulate full sunlight spectrum to reproduce destructive light waves existing in different&#8230;<\/p>\n","protected":false},"featured_media":6352,"comment_status":"open","ping_status":"closed","template":"","meta":[],"etheme_brands":[{"term_id":67,"name":"Newgoer","slug":"newgoer","term_group":0,"term_taxonomy_id":67,"taxonomy":"brand","description":"","parent":0,"count":271,"filter":"raw"}],"product_cat":[64],"product_tag":[],"_links":{"self":[{"href":"https:\/\/www.cncmarketi.com\/index.php\/wp-json\/wp\/v2\/product\/6358"}],"collection":[{"href":"https:\/\/www.cncmarketi.com\/index.php\/wp-json\/wp\/v2\/product"}],"about":[{"href":"https:\/\/www.cncmarketi.com\/index.php\/wp-json\/wp\/v2\/types\/product"}],"replies":[{"embeddable":true,"href":"https:\/\/www.cncmarketi.com\/index.php\/wp-json\/wp\/v2\/comments?post=6358"}],"version-history":[{"count":0,"href":"https:\/\/www.cncmarketi.com\/index.php\/wp-json\/wp\/v2\/product\/6358\/revisions"}],"wp:featuredmedia":[{"embeddable":true,"href":"https:\/\/www.cncmarketi.com\/index.php\/wp-json\/wp\/v2\/media\/6352"}],"wp:attachment":[{"href":"https:\/\/www.cncmarketi.com\/index.php\/wp-json\/wp\/v2\/media?parent=6358"}],"wp:term":[{"taxonomy":"brand","embeddable":true,"href":"https:\/\/www.cncmarketi.com\/index.php\/wp-json\/wp\/v2\/etheme_brands?post=6358"},{"taxonomy":"product_cat","embeddable":true,"href":"https:\/\/www.cncmarketi.com\/index.php\/wp-json\/wp\/v2\/product_cat?post=6358"},{"taxonomy":"product_tag","embeddable":true,"href":"https:\/\/www.cncmarketi.com\/index.php\/wp-json\/wp\/v2\/product_tag?post=6358"}],"curies":[{"name":"wp","href":"https:\/\/api.w.org\/{rel}","templated":true}]}}