{"id":6290,"date":"2023-08-06T08:34:33","date_gmt":"2023-08-06T05:34:33","guid":{"rendered":"https:\/\/www.cncmarketi.com\/index.php\/product\/uv-hizlandirilmis-yaslanma-ayrilma-test-cihazi-ultraviyole-test-odasi\/"},"modified":"2023-08-06T08:55:40","modified_gmt":"2023-08-06T05:55:40","slug":"uv-hizlandirilmis-yaslanma-ayrilma-test-cihazi-ultraviyole-test-odasi","status":"publish","type":"product","link":"https:\/\/www.cncmarketi.com\/index.php\/product\/uv-hizlandirilmis-yaslanma-ayrilma-test-cihazi-ultraviyole-test-odasi\/","title":{"rendered":"UV H\u0131zland\u0131r\u0131lm\u0131\u015f Ya\u015flanma Ayr\u0131lma Test Cihaz\u0131, Ultraviyole Test Odas\u0131"},"content":{"rendered":"<p>\u63cf\u8ff0<br \/>\nSummary:<br \/>\nUV accelerated weathering aging test chamber can provide reliable aging test data to make the exact prediction of products\u2019 weathering fastness (aging resistance)., which is conducive to sift and optimize the formula. uv accelerated weathering aging test chamber is used in many industries, such as: paint, inks, resin, plastics, printing and packaging, adhesives, auto and motorcycle industry, cosmetics, metal, electronic, electroplating, medicine,etc.<br \/>\nUsages:<br \/>\nUV accelerated weathering aging test chamber is the most widely used UV Weathering tester in the world, there are thousands of ultraviolet aging testers coming into use. uv accelerated weathering aging test chamber has become the standard of the UV test, fit standards of ISO, ASTM,DIN,JIS,SAE, BS, ANSI, GM, U.S.GOVT,ect. It can simulate the damage of sunshine, rain, dew to the material quickly and exactly.<br \/>\nDamage types including bleaching, discoloration, loss of light, powder, crack, turbidity, bubble-based, embrittlement, strength decline and oxidation need to be engenderd in months or years but can engender in a few days or weeks.<br \/>\nSpecifications:<br \/>\nProduct Name<br \/>\nNG-ZYC UV Accelerated Aging Test Chamber<br \/>\nInside box size<br \/>\n360* 500* 360mm (W * H * D)<br \/>\nTesting Lamp<br \/>\n3 pcs * UV lamp 20 W<br \/>\nController<br \/>\nTouch Screen Controller<br \/>\nTemperature range<br \/>\nRT\uff5e60\u2103<br \/>\nMaterial<br \/>\nSUS # 304 stainless steel<br \/>\nTest time range<br \/>\n0.01s~99.99s\/0.1h~999.9h<br \/>\nSpray time range<br \/>\n1s~99min59s\/1min~9999min (dual setting)<br \/>\nSample dimension<br \/>\n75*150*(0.6)mm<br \/>\nSample shelf rotate speed<br \/>\n3.7 cp.m<br \/>\nWater pump flux<br \/>\n47 L\/min<br \/>\nPower<br \/>\n1.25KW<\/p>\n","protected":false},"excerpt":{"rendered":"<p>\u63cf\u8ff0 Summary: UV accelerated weathering aging test chamber can provide reliable aging test data to make the exact prediction of products\u2019 weathering fastness (aging resistance).,&#8230;<\/p>\n","protected":false},"featured_media":6284,"comment_status":"open","ping_status":"closed","template":"","meta":[],"etheme_brands":[{"term_id":67,"name":"Newgoer","slug":"newgoer","term_group":0,"term_taxonomy_id":67,"taxonomy":"brand","description":"","parent":0,"count":271,"filter":"raw"}],"product_cat":[64],"product_tag":[],"_links":{"self":[{"href":"https:\/\/www.cncmarketi.com\/index.php\/wp-json\/wp\/v2\/product\/6290"}],"collection":[{"href":"https:\/\/www.cncmarketi.com\/index.php\/wp-json\/wp\/v2\/product"}],"about":[{"href":"https:\/\/www.cncmarketi.com\/index.php\/wp-json\/wp\/v2\/types\/product"}],"replies":[{"embeddable":true,"href":"https:\/\/www.cncmarketi.com\/index.php\/wp-json\/wp\/v2\/comments?post=6290"}],"version-history":[{"count":0,"href":"https:\/\/www.cncmarketi.com\/index.php\/wp-json\/wp\/v2\/product\/6290\/revisions"}],"wp:featuredmedia":[{"embeddable":true,"href":"https:\/\/www.cncmarketi.com\/index.php\/wp-json\/wp\/v2\/media\/6284"}],"wp:attachment":[{"href":"https:\/\/www.cncmarketi.com\/index.php\/wp-json\/wp\/v2\/media?parent=6290"}],"wp:term":[{"taxonomy":"brand","embeddable":true,"href":"https:\/\/www.cncmarketi.com\/index.php\/wp-json\/wp\/v2\/etheme_brands?post=6290"},{"taxonomy":"product_cat","embeddable":true,"href":"https:\/\/www.cncmarketi.com\/index.php\/wp-json\/wp\/v2\/product_cat?post=6290"},{"taxonomy":"product_tag","embeddable":true,"href":"https:\/\/www.cncmarketi.com\/index.php\/wp-json\/wp\/v2\/product_tag?post=6290"}],"curies":[{"name":"wp","href":"https:\/\/api.w.org\/{rel}","templated":true}]}}