{"id":6070,"date":"2023-08-06T08:30:39","date_gmt":"2023-08-06T05:30:39","guid":{"rendered":"https:\/\/www.cncmarketi.com\/index.php\/product\/ayakkabi-ross-flexing-tester-deri-ayakkabi-ross-flexing-yorgunluk-test-cihazi\/"},"modified":"2023-08-06T08:56:53","modified_gmt":"2023-08-06T05:56:53","slug":"ayakkabi-ross-flexing-tester-deri-ayakkabi-ross-flexing-yorgunluk-test-cihazi","status":"publish","type":"product","link":"https:\/\/www.cncmarketi.com\/index.php\/product\/ayakkabi-ross-flexing-tester-deri-ayakkabi-ross-flexing-yorgunluk-test-cihazi\/","title":{"rendered":"Ayakkab\u0131 Ross Flexing Tester, Deri Ayakkab\u0131 Ross Flexing Yorgunluk Test Cihaz\u0131"},"content":{"rendered":"<p>Shoes Ross Flexing Tester, Leather Shoes Ross Flexing Fatigue Tester<br \/>\nModel<br \/>\nNG-376<br \/>\nMOQ<br \/>\n1 Set<br \/>\nLead Time<br \/>\n3-15 Working Days<br \/>\nCountry of Origin<br \/>\nChina<br \/>\nPackage<br \/>\nStandard Export Wooden Box<br \/>\nOEM &#038; ODM<br \/>\nSupport<br \/>\n\u63cf\u8ff0<br \/>\n\u7528\u6237\u8bc4\u8bba (0)<br \/>\n\u63cf\u8ff0<br \/>\nSummary:<br \/>\nThis machine is suitable for the right angle bending test of rubber products, soles, PU and other materials. After the test piece is continuously stretched and bent, the test piece is examined for its degree of attenuation, damage and cracking.<br \/>\nStandard:<br \/>\nIASTM \u2013 D1052, ISO \u2013 5423, SATRA TM60<br \/>\nParameter:<br \/>\nFlexing angle<br \/>\n90 \u00b1 1<br \/>\nSpeed 1<br \/>\nISO ,SATRA 60 \u00b1 5CPM<br \/>\nSpeed 2<br \/>\nASTM 100 \u00b1 5CPM<br \/>\nCapacity<br \/>\n12 SETS<br \/>\nCounter<br \/>\nLCD 0-999 999<br \/>\nDimension<br \/>\n70*42*45CM<br \/>\nWeight<br \/>\n70KG<br \/>\nPower<br \/>\nAC220V 50HZ 0.4KW<\/p>\n","protected":false},"excerpt":{"rendered":"<p>Shoes Ross Flexing Tester, Leather Shoes Ross Flexing Fatigue Tester Model NG-376 MOQ 1 Set Lead Time 3-15 Working Days Country of Origin China Package&#8230;<\/p>\n","protected":false},"featured_media":6064,"comment_status":"open","ping_status":"closed","template":"","meta":[],"etheme_brands":[{"term_id":67,"name":"Newgoer","slug":"newgoer","term_group":0,"term_taxonomy_id":67,"taxonomy":"brand","description":"","parent":0,"count":271,"filter":"raw"}],"product_cat":[64],"product_tag":[],"_links":{"self":[{"href":"https:\/\/www.cncmarketi.com\/index.php\/wp-json\/wp\/v2\/product\/6070"}],"collection":[{"href":"https:\/\/www.cncmarketi.com\/index.php\/wp-json\/wp\/v2\/product"}],"about":[{"href":"https:\/\/www.cncmarketi.com\/index.php\/wp-json\/wp\/v2\/types\/product"}],"replies":[{"embeddable":true,"href":"https:\/\/www.cncmarketi.com\/index.php\/wp-json\/wp\/v2\/comments?post=6070"}],"version-history":[{"count":0,"href":"https:\/\/www.cncmarketi.com\/index.php\/wp-json\/wp\/v2\/product\/6070\/revisions"}],"wp:featuredmedia":[{"embeddable":true,"href":"https:\/\/www.cncmarketi.com\/index.php\/wp-json\/wp\/v2\/media\/6064"}],"wp:attachment":[{"href":"https:\/\/www.cncmarketi.com\/index.php\/wp-json\/wp\/v2\/media?parent=6070"}],"wp:term":[{"taxonomy":"brand","embeddable":true,"href":"https:\/\/www.cncmarketi.com\/index.php\/wp-json\/wp\/v2\/etheme_brands?post=6070"},{"taxonomy":"product_cat","embeddable":true,"href":"https:\/\/www.cncmarketi.com\/index.php\/wp-json\/wp\/v2\/product_cat?post=6070"},{"taxonomy":"product_tag","embeddable":true,"href":"https:\/\/www.cncmarketi.com\/index.php\/wp-json\/wp\/v2\/product_tag?post=6070"}],"curies":[{"name":"wp","href":"https:\/\/api.w.org\/{rel}","templated":true}]}}