{"id":6063,"date":"2023-08-06T08:30:31","date_gmt":"2023-08-06T05:30:31","guid":{"rendered":"https:\/\/www.cncmarketi.com\/index.php\/product\/sct-kisa-span-sikistirma-test-cihazi-sct-sikistirma-kuvvet-test-cihazi\/"},"modified":"2023-08-06T08:56:53","modified_gmt":"2023-08-06T05:56:53","slug":"sct-kisa-span-sikistirma-test-cihazi-sct-sikistirma-kuvvet-test-cihazi","status":"publish","type":"product","link":"https:\/\/www.cncmarketi.com\/index.php\/product\/sct-kisa-span-sikistirma-test-cihazi-sct-sikistirma-kuvvet-test-cihazi\/","title":{"rendered":"SCT K\u0131sa Span S\u0131k\u0131\u015ft\u0131rma Test Cihaz\u0131, SCT S\u0131k\u0131\u015ft\u0131rma Kuvvet Test Cihaz\u0131"},"content":{"rendered":"<p>SCT Short Span Compression Tester, SCT Compressive Strength Tester<br \/>\nModel<br \/>\nNG-620<br \/>\nMOQ<br \/>\n1 Set<br \/>\nLead Time<br \/>\n3-15 Working Days<br \/>\nCountry of Origin<br \/>\nChina<br \/>\nPackage<br \/>\nStandard Export Wooden Box<br \/>\nOEM &#038; ODM<br \/>\nSupport<br \/>\n\u63cf\u8ff0<br \/>\n\u7528\u6237\u8bc4\u8bba (0)<br \/>\n\u63cf\u8ff0<br \/>\nSummary:<br \/>\nThis Short Span Compression Tester is used to measure the compressive strength of paper and<br \/>\ncardboard samples by the SCT method (0.7mm short distance compression between jaws). The test is performed using a 15 mm wide paper or cardboard specimen and it is compressed until failure occurs.<br \/>\nThe Short Span Compression Tester SCM-1 is designed to perform SCT compression tests, it is considered an important property and can be used to predict the performance of corrugated cardboard sheet used in the manufacture of Corrugated cardboard. International standards specify this method for determining the compressive strength both in the machine direction of the fibers and in the transverse direction on paper and cardboar<br \/>\nStandards:<br \/>\nISO 9895: Paper and board; compressive strength; short span test<br \/>\nDIN 54518: Testing of paper and board; compression strength, short span test<br \/>\nTAPPI T826 \u2013 SCAN P46 \u2013 UNE 57142 \u2013 BS 7325 \u2013 AS\/NZ 1301.4<br \/>\nETC\u2026<br \/>\nMain Parameters:<br \/>\nSample clamping force<br \/>\n2300 \u00b1 500 N (Air pressure 0.3-0.45Mpa)<br \/>\nResolution<br \/>\n0.1N<br \/>\nMeasuring Range<br \/>\n1-500N (0.06\uff5e33.3 kN\/m)<br \/>\nIndication accuracy<br \/>\nIndication error \u00b11%<br \/>\nIndication variability \u22641%<br \/>\nFree spacing of sample holder<br \/>\n0.70 \u00b1 0.05 mm<br \/>\nTest speed<br \/>\n3 \u00b1 1 mm\/min<br \/>\n(Relative movement speed of two clamps)<br \/>\nSample clamping surface size<br \/>\nLength\u00d7Width 30mm \u00d7 15mm<br \/>\nAir source<br \/>\nAir pressure > 0.4Mpa<br \/>\nDisplay<br \/>\n7-inch, 800*480 pixel color resistive touch screen<br \/>\nPrint<br \/>\nBuilt-in thermal printer<br \/>\nCommunication Interface<br \/>\nUSB2.0 or RS232 Optional<br \/>\nPower Supply<br \/>\nAC 220V 50\/60Hz<br \/>\nTesting Description:<br \/>\nOnce the sample is placed between the jaws, they close and the test starts, once it is finished, the detected force value can be read on the display. The value is expressed in kN \/ m or lb \/ in.<br \/>\nAfter performing each test, the pneumatic jaws are separated and the equipment is ready to start a new test. After making a series of measurements (up to 20 according to standards) in each of the two directions of orientation of the fibers in the paper:<br \/>\nMD = Machine Direction (Longitudinal sense)<br \/>\nCD = Cross Direction (Cross direction)<br \/>\nIncorrect or out of range measurements can be removed to avoid statistical errors. The ratio between MD (longitudinal direction of machine) and CD (transverse direction) is shown after completing the two series of tests.<br \/>\nThe maximum Compression force of the SCT test is expressed directly in kN \/ m or lbs \/ in. The equipment also automatically calculates the Average Values and, if the optional software is available, it also allows obtaining the Maximum and Minimum values, both in the MD (Longitudinal Direction) and in the CD (Transverse Direction).<\/p>\n","protected":false},"excerpt":{"rendered":"<p>SCT Short Span Compression Tester, SCT Compressive Strength Tester Model NG-620 MOQ 1 Set Lead Time 3-15 Working Days Country of Origin China Package Standard&#8230;<\/p>\n","protected":false},"featured_media":6059,"comment_status":"open","ping_status":"closed","template":"","meta":[],"etheme_brands":[{"term_id":67,"name":"Newgoer","slug":"newgoer","term_group":0,"term_taxonomy_id":67,"taxonomy":"brand","description":"","parent":0,"count":271,"filter":"raw"}],"product_cat":[64],"product_tag":[],"_links":{"self":[{"href":"https:\/\/www.cncmarketi.com\/index.php\/wp-json\/wp\/v2\/product\/6063"}],"collection":[{"href":"https:\/\/www.cncmarketi.com\/index.php\/wp-json\/wp\/v2\/product"}],"about":[{"href":"https:\/\/www.cncmarketi.com\/index.php\/wp-json\/wp\/v2\/types\/product"}],"replies":[{"embeddable":true,"href":"https:\/\/www.cncmarketi.com\/index.php\/wp-json\/wp\/v2\/comments?post=6063"}],"version-history":[{"count":0,"href":"https:\/\/www.cncmarketi.com\/index.php\/wp-json\/wp\/v2\/product\/6063\/revisions"}],"wp:featuredmedia":[{"embeddable":true,"href":"https:\/\/www.cncmarketi.com\/index.php\/wp-json\/wp\/v2\/media\/6059"}],"wp:attachment":[{"href":"https:\/\/www.cncmarketi.com\/index.php\/wp-json\/wp\/v2\/media?parent=6063"}],"wp:term":[{"taxonomy":"brand","embeddable":true,"href":"https:\/\/www.cncmarketi.com\/index.php\/wp-json\/wp\/v2\/etheme_brands?post=6063"},{"taxonomy":"product_cat","embeddable":true,"href":"https:\/\/www.cncmarketi.com\/index.php\/wp-json\/wp\/v2\/product_cat?post=6063"},{"taxonomy":"product_tag","embeddable":true,"href":"https:\/\/www.cncmarketi.com\/index.php\/wp-json\/wp\/v2\/product_tag?post=6063"}],"curies":[{"name":"wp","href":"https:\/\/api.w.org\/{rel}","templated":true}]}}