{"id":6058,"date":"2023-08-06T08:30:26","date_gmt":"2023-08-06T05:30:26","guid":{"rendered":"https:\/\/www.cncmarketi.com\/index.php\/product\/ayakkabi-dantel-ve-kusel-asinma-test-cihazi-ayakkabi-asinma-test-makinesi\/"},"modified":"2023-09-05T20:27:25","modified_gmt":"2023-09-05T17:27:25","slug":"ayakkabi-dantel-ve-kusel-asinma-test-cihazi-ayakkabi-asinma-test-makinesi","status":"publish","type":"product","link":"https:\/\/www.cncmarketi.com\/index.php\/product\/ayakkabi-dantel-ve-kusel-asinma-test-cihazi-ayakkabi-asinma-test-makinesi\/","title":{"rendered":"Ayakkab\u0131 dantel ve ku\u015fel a\u015f\u0131nma test cihaz\u0131, ayakkab\u0131 a\u015f\u0131nma test makinesi"},"content":{"rendered":"<p>Shoe Lace and Eyelet Abrasion Tester, Shoes Abrasion Testing Machine<br \/>\nModel<br \/>\nNG-331<br \/>\nMOQ<br \/>\n1 Set<br \/>\nLead Time<br \/>\n3-15 Working Days<br \/>\nCountry of Origin<br \/>\nChina<br \/>\nPackage<br \/>\nStandard Export Wooden Box<br \/>\nOEM &#038; ODM<br \/>\nSupport<br \/>\n\u63cf\u8ff0<br \/>\n\u7528\u6237\u8bc4\u8bba (0)<br \/>\n\u63cf\u8ff0<br \/>\nSummary:<br \/>\nShoelace abrasion test machine is mainly used to measure the frictional property of shoelaces that<br \/>\nrepeated abrade the the eyelet, or measure the frictional property of standard eyelet that repeated abraded by shoelaces. This machine is suitable for all types of shoelaces and eyelet.A section of the shoelace through the eyelet that being clamped by a fiberboard (cardboard). Eyelet and shoelace turn into 90 \u00b0, fiberboard and shoelace turn into 45 \u00b0, and then tensing the shoelaces under the standard power and pull the eyelet back and forth until the shoelaces damaged, and then stop testing.<br \/>\nPrinciple:<br \/>\nTake two shoelace, mutually hook in the middle. Clamp the both ends of the shoelace at the movable fixture of shoelace rubbing tester, which can make reciprocating linear motion; clamp one end of the other shoelace on the corresponding fied fixture and another end of the shoelace round by a fixed pulley and hanging the a weight. Make the two shoelace abrasion each other by reciprocating linear motion. Then check the wear resistance, when the machine run up to pre-set times, the machine stop.<br \/>\nStandards<br \/>\nSATRA PM93, BS5131: 3.6 (shoelaces abrasion)<br \/>\nSpecifications:<br \/>\nModel<br \/>\nNG-331<br \/>\ngroup<br \/>\n6 group<br \/>\nweight<br \/>\n455\u00b15g<br \/>\ndisplacement<br \/>\n76\u00b12 mm<br \/>\nspeed<br \/>\n100\u00b15 times\/min<br \/>\ntimer<br \/>\nLCD display ,0~999,999<br \/>\nsample<br \/>\nAngle 52.2\u00b0, distance 120mm<br \/>\nbeaverboard<br \/>\n25 x 25 x 3mm(L\u00d7W\u00d7D)<br \/>\nWhole diameter<br \/>\nDia 4.5 mm<br \/>\nVolume<br \/>\n55 x 56 x 40 cm(W\u00d7D\u00d7H)<br \/>\nweight<br \/>\n62 kg ( excluding weights )<br \/>\npower<br \/>\n1 phase, 220V, 3A<\/p>\n","protected":false},"excerpt":{"rendered":"<p>Shoe Lace and Eyelet Abrasion Tester, Shoes Abrasion Testing Machine Model NG-331 MOQ 1 Set Lead Time 3-15 Working Days Country of Origin China Package&#8230;<\/p>\n","protected":false},"featured_media":6052,"comment_status":"open","ping_status":"closed","template":"","meta":[],"etheme_brands":[{"term_id":67,"name":"Newgoer","slug":"newgoer","term_group":0,"term_taxonomy_id":67,"taxonomy":"brand","description":"","parent":0,"count":271,"filter":"raw"}],"product_cat":[64],"product_tag":[],"_links":{"self":[{"href":"https:\/\/www.cncmarketi.com\/index.php\/wp-json\/wp\/v2\/product\/6058"}],"collection":[{"href":"https:\/\/www.cncmarketi.com\/index.php\/wp-json\/wp\/v2\/product"}],"about":[{"href":"https:\/\/www.cncmarketi.com\/index.php\/wp-json\/wp\/v2\/types\/product"}],"replies":[{"embeddable":true,"href":"https:\/\/www.cncmarketi.com\/index.php\/wp-json\/wp\/v2\/comments?post=6058"}],"version-history":[{"count":0,"href":"https:\/\/www.cncmarketi.com\/index.php\/wp-json\/wp\/v2\/product\/6058\/revisions"}],"wp:featuredmedia":[{"embeddable":true,"href":"https:\/\/www.cncmarketi.com\/index.php\/wp-json\/wp\/v2\/media\/6052"}],"wp:attachment":[{"href":"https:\/\/www.cncmarketi.com\/index.php\/wp-json\/wp\/v2\/media?parent=6058"}],"wp:term":[{"taxonomy":"brand","embeddable":true,"href":"https:\/\/www.cncmarketi.com\/index.php\/wp-json\/wp\/v2\/etheme_brands?post=6058"},{"taxonomy":"product_cat","embeddable":true,"href":"https:\/\/www.cncmarketi.com\/index.php\/wp-json\/wp\/v2\/product_cat?post=6058"},{"taxonomy":"product_tag","embeddable":true,"href":"https:\/\/www.cncmarketi.com\/index.php\/wp-json\/wp\/v2\/product_tag?post=6058"}],"curies":[{"name":"wp","href":"https:\/\/api.w.org\/{rel}","templated":true}]}}