{"id":6014,"date":"2023-08-06T08:29:34","date_gmt":"2023-08-06T05:29:34","guid":{"rendered":"https:\/\/www.cncmarketi.com\/index.php\/product\/guvenlik-ayakkabi-voltaj-test-cihazi-ayakkabi-yalitim-test-makinesi\/"},"modified":"2023-08-06T08:56:54","modified_gmt":"2023-08-06T05:56:54","slug":"guvenlik-ayakkabi-voltaj-test-cihazi-ayakkabi-yalitim-test-makinesi","status":"publish","type":"product","link":"https:\/\/www.cncmarketi.com\/index.php\/product\/guvenlik-ayakkabi-voltaj-test-cihazi-ayakkabi-yalitim-test-makinesi\/","title":{"rendered":"G\u00fcvenlik Ayakkab\u0131 Voltaj Test Cihaz\u0131 Ayakkab\u0131 Yal\u0131t\u0131m Test Makinesi"},"content":{"rendered":"<p>Safety Shoes Voltage Tester Shoes Insulation Testing Machine<br \/>\nModel<br \/>\nNG-8340<br \/>\nMOQ<br \/>\n1 Set<br \/>\nLead Time<br \/>\n3-15 Working Days<br \/>\nCountry of Origin<br \/>\nChina<br \/>\nPackage<br \/>\nStandard Export Wooden Box<br \/>\nOEM &#038; ODM<br \/>\nSupport<br \/>\n\u63cf\u8ff0<br \/>\n\u7528\u6237\u8bc4\u8bba (0)<br \/>\n\u63cf\u8ff0<br \/>\nSummary:<br \/>\nShoes Insulation Tester \/ Shoes Voltage Resistance Tester is to test if shoe soles or insulation materials can withstand voltage value, in order to understand the extent of its withstand<br \/>\nvoltage.<br \/>\nStandards:<br \/>\nANSI-241, CSA-Z195, GB12011, GB\/T20991-2007, ISO8782, ISO20344, 2004 etc.<br \/>\nTest Principle:<br \/>\nInput the PF voltage to shoes inner, outer electrode, within specific test time, if the test sample<br \/>\nwas not breakdown so the value of the milliammeter index (mA) is leakage current value, the<br \/>\nindicated value of voltmeter is (kv) is voltage resistance value.<br \/>\nTest condition: 15\u2103~35\u2103,45%~75%RH<br \/>\nSpecifications<br \/>\nSafety Shoes Insulation Test Machine<br \/>\nModel<br \/>\nNG-8340<br \/>\nTest voltage<br \/>\n1kv\/sec to the designated voltage<br \/>\nCapacity<br \/>\n0.5KVA<br \/>\nInput voltage<br \/>\nAC220V<br \/>\nOutput voltage<br \/>\nAC 0 \u2013 20KV (Adjustable)<br \/>\nConductive steel diameter<br \/>\n3mm<br \/>\nElectrode (steel) layer depth<br \/>\nAt least 30mm<br \/>\nMetal net (Sample plate)<br \/>\n400\u00d7220mm<br \/>\nTest space<br \/>\n59\u00d737\u00d755cm<br \/>\nMachine size<br \/>\n60\u00d740\u00d7132cm<br \/>\nWeight<br \/>\nApprox 80kg<br \/>\nPower<br \/>\nAC220V,50Hz<\/p>\n","protected":false},"excerpt":{"rendered":"<p>Safety Shoes Voltage Tester Shoes Insulation Testing Machine Model NG-8340 MOQ 1 Set Lead Time 3-15 Working Days Country of Origin China Package Standard Export&#8230;<\/p>\n","protected":false},"featured_media":6008,"comment_status":"open","ping_status":"closed","template":"","meta":[],"etheme_brands":[{"term_id":67,"name":"Newgoer","slug":"newgoer","term_group":0,"term_taxonomy_id":67,"taxonomy":"brand","description":"","parent":0,"count":271,"filter":"raw"}],"product_cat":[64],"product_tag":[],"_links":{"self":[{"href":"https:\/\/www.cncmarketi.com\/index.php\/wp-json\/wp\/v2\/product\/6014"}],"collection":[{"href":"https:\/\/www.cncmarketi.com\/index.php\/wp-json\/wp\/v2\/product"}],"about":[{"href":"https:\/\/www.cncmarketi.com\/index.php\/wp-json\/wp\/v2\/types\/product"}],"replies":[{"embeddable":true,"href":"https:\/\/www.cncmarketi.com\/index.php\/wp-json\/wp\/v2\/comments?post=6014"}],"version-history":[{"count":0,"href":"https:\/\/www.cncmarketi.com\/index.php\/wp-json\/wp\/v2\/product\/6014\/revisions"}],"wp:featuredmedia":[{"embeddable":true,"href":"https:\/\/www.cncmarketi.com\/index.php\/wp-json\/wp\/v2\/media\/6008"}],"wp:attachment":[{"href":"https:\/\/www.cncmarketi.com\/index.php\/wp-json\/wp\/v2\/media?parent=6014"}],"wp:term":[{"taxonomy":"brand","embeddable":true,"href":"https:\/\/www.cncmarketi.com\/index.php\/wp-json\/wp\/v2\/etheme_brands?post=6014"},{"taxonomy":"product_cat","embeddable":true,"href":"https:\/\/www.cncmarketi.com\/index.php\/wp-json\/wp\/v2\/product_cat?post=6014"},{"taxonomy":"product_tag","embeddable":true,"href":"https:\/\/www.cncmarketi.com\/index.php\/wp-json\/wp\/v2\/product_tag?post=6014"}],"curies":[{"name":"wp","href":"https:\/\/api.w.org\/{rel}","templated":true}]}}