{"id":5881,"date":"2023-08-06T08:27:02","date_gmt":"2023-08-06T05:27:02","guid":{"rendered":"https:\/\/www.cncmarketi.com\/index.php\/product\/tasinabilir-oto-uv-spektrofotometre-laboratuvar-gorunur-spektrofotometre\/"},"modified":"2023-08-06T08:57:13","modified_gmt":"2023-08-06T05:57:13","slug":"tasinabilir-oto-uv-spektrofotometre-laboratuvar-gorunur-spektrofotometre","status":"publish","type":"product","link":"https:\/\/www.cncmarketi.com\/index.php\/product\/tasinabilir-oto-uv-spektrofotometre-laboratuvar-gorunur-spektrofotometre\/","title":{"rendered":"Ta\u015f\u0131nabilir Oto UV spektrofotometre, laboratuvar g\u00f6r\u00fcn\u00fcr spektrofotometre"},"content":{"rendered":"<p>Portable Auto UV Spectrophotometer, Lab Visible Spectrophotometer<br \/>\nModel<br \/>\nNG-723<br \/>\nMOQ<br \/>\n1 Set<br \/>\nLead Time<br \/>\n3-15 Working Days<br \/>\nCountry of Origin<br \/>\nChina<br \/>\nPackage<br \/>\nStandard Export Wooden Box<br \/>\nOEM &#038; ODM<br \/>\nSupport<br \/>\n\u63cf\u8ff0<br \/>\n\u7528\u6237\u8bc4\u8bba (0)<br \/>\n\u63cf\u8ff0<br \/>\nSummary:<br \/>\n723 series is single beam spectrophotometer that analyzes specimen materials in the visible spectral range. Its high precision and reliable performance made it ideal for applications in medicine, petrochemistry, agriculture,<br \/>\nfood industry, biochemistry, environmental protection and many other fields.<br \/>\nFeatures:<br \/>\nIt adopts 128*64 dots LCD display, which display standard curve and measuring data directly. The main machine can store measuring data and assort with printer to print.<br \/>\nUSB data output interface, which assorted with professional software YOKE3.0 to perform.<br \/>\nIt can establish standard curve to perform relevant testing, which can test and store 200 groups of data continuously and 100 standards curve that named by users.<br \/>\nDistinctive light system, high-performance grating and imported acceptor ensure superior performances of instrument.<br \/>\nAuto-adjusting and auto-setting wavelength.<br \/>\nWide sample-room can accommodate all kinds of 5-100mm cuvette.<br \/>\nUltrathin button makes operation simple and convenient.<br \/>\nSpecifications<br \/>\nWavelength range<br \/>\n320-1100nm<br \/>\nSpectral bandwidth<br \/>\n2nm<br \/>\nWavelength accuracy<br \/>\n\u00b10.5nm<br \/>\nPhotometric accuracy<br \/>\n0.3%T<br \/>\nPhotometric Repeatability<br \/>\n0.15%T<br \/>\nPhotometric Range<br \/>\n0-200%T, -0.301-3.000A, 0-9999C<br \/>\nExcursion<br \/>\n\u22640.001A\/h @500nm<br \/>\nStability<br \/>\n\u00b10.002A<br \/>\nDisplay Range<br \/>\n0-200%T, -0.3-3A<br \/>\nDisplay Method<br \/>\n128*64dots LCD<\/p>\n","protected":false},"excerpt":{"rendered":"<p>Portable Auto UV Spectrophotometer, Lab Visible Spectrophotometer Model NG-723 MOQ 1 Set Lead Time 3-15 Working Days Country of Origin China Package Standard Export Wooden&#8230;<\/p>\n","protected":false},"featured_media":5875,"comment_status":"open","ping_status":"closed","template":"","meta":[],"etheme_brands":[{"term_id":67,"name":"Newgoer","slug":"newgoer","term_group":0,"term_taxonomy_id":67,"taxonomy":"brand","description":"","parent":0,"count":271,"filter":"raw"}],"product_cat":[64],"product_tag":[],"_links":{"self":[{"href":"https:\/\/www.cncmarketi.com\/index.php\/wp-json\/wp\/v2\/product\/5881"}],"collection":[{"href":"https:\/\/www.cncmarketi.com\/index.php\/wp-json\/wp\/v2\/product"}],"about":[{"href":"https:\/\/www.cncmarketi.com\/index.php\/wp-json\/wp\/v2\/types\/product"}],"replies":[{"embeddable":true,"href":"https:\/\/www.cncmarketi.com\/index.php\/wp-json\/wp\/v2\/comments?post=5881"}],"version-history":[{"count":0,"href":"https:\/\/www.cncmarketi.com\/index.php\/wp-json\/wp\/v2\/product\/5881\/revisions"}],"wp:featuredmedia":[{"embeddable":true,"href":"https:\/\/www.cncmarketi.com\/index.php\/wp-json\/wp\/v2\/media\/5875"}],"wp:attachment":[{"href":"https:\/\/www.cncmarketi.com\/index.php\/wp-json\/wp\/v2\/media?parent=5881"}],"wp:term":[{"taxonomy":"brand","embeddable":true,"href":"https:\/\/www.cncmarketi.com\/index.php\/wp-json\/wp\/v2\/etheme_brands?post=5881"},{"taxonomy":"product_cat","embeddable":true,"href":"https:\/\/www.cncmarketi.com\/index.php\/wp-json\/wp\/v2\/product_cat?post=5881"},{"taxonomy":"product_tag","embeddable":true,"href":"https:\/\/www.cncmarketi.com\/index.php\/wp-json\/wp\/v2\/product_tag?post=5881"}],"curies":[{"name":"wp","href":"https:\/\/api.w.org\/{rel}","templated":true}]}}