{"id":5833,"date":"2023-08-06T08:26:05","date_gmt":"2023-08-06T05:26:05","guid":{"rendered":"https:\/\/www.cncmarketi.com\/index.php\/product\/kagit-elmendorf-yirtilma-test-makinesi-kagit-gozyasi-gucu-test-cihazi\/"},"modified":"2023-08-06T08:58:15","modified_gmt":"2023-08-06T05:58:15","slug":"kagit-elmendorf-yirtilma-test-makinesi-kagit-gozyasi-gucu-test-cihazi","status":"publish","type":"product","link":"https:\/\/www.cncmarketi.com\/index.php\/product\/kagit-elmendorf-yirtilma-test-makinesi-kagit-gozyasi-gucu-test-cihazi\/","title":{"rendered":"Ka\u011f\u0131t Elmendorf Y\u0131rt\u0131lma Test Makinesi, Ka\u011f\u0131t G\u00f6zya\u015f\u0131 G\u00fcc\u00fc Test Cihaz\u0131"},"content":{"rendered":"<p>Paper Elmendorf Tearing Testing Machine, Paper Tear Strength Tester<br \/>\nModel<br \/>\nNG-613<br \/>\nMOQ<br \/>\n1 Set<br \/>\nLead Time<br \/>\n3-15 Working Days<br \/>\nCountry of Origin<br \/>\nChina<br \/>\nPackage<br \/>\nStandard Export Wooden Box<br \/>\nOEM &#038; ODM<br \/>\nSupport<br \/>\n\u63cf\u8ff0<br \/>\n\u7528\u6237\u8bc4\u8bba (0)<br \/>\n\u63cf\u8ff0<br \/>\nSummary:<br \/>\nElectronic Tearing Tester is an electronic tear tester developed by our company according to the national standard for determining the tear properties of paper or low-quantity paper and corrugated paper. It is widely used in the field of testing of paper materials in colleges and universities, research institutes, quality inspection departments, and paper printing and packaging production departments.<br \/>\nStandard:<br \/>\nISO 1974: Paper- Determination of Tearing Resistance \u2013Elmendorf Tearing Tester Method<br \/>\nTAPPI T414: Internal Tearing Resistance of Paper (Elmendorf-Type Method)<br \/>\nGB\/T455: Paper and Board Determination of Tearing Resistance<br \/>\nQB\/T 1050: Paper and Board Tearing Tester<br \/>\nFeatures:<br \/>\n\u00d8 Automatic release pendulum, high test efficiency<br \/>\n\u00d8 Self-test function<br \/>\n\u00d8 In English and Chinese, easy to use<br \/>\n\u00d8 Feel free to query and delete inappropriate test records<br \/>\n\u00d8 Real-time display of angular changes during testing<br \/>\n\u00d8 Automatically calculate, count, and print test results<br \/>\n\u00d8 Thermal printer core, no need to use ink and ribbon, no noise when working, fast printing speed, etc.<br \/>\nSpecifications:<br \/>\nModel<br \/>\nNG-613<br \/>\nMeasurement range<br \/>\n10~16000mN (A gear:10-8000mN, B gear:8000-16000mN)<br \/>\nResolution<br \/>\n1nM<br \/>\nAccurate<br \/>\n\u00b11.0%<br \/>\nTearing arms<br \/>\n(104\u00b11)mm<br \/>\nSize of clip paper<br \/>\n(25\u00d715)mm<br \/>\nThe distance between the paper clip<br \/>\n(2.8\u00b10.3)mm<br \/>\nClamping method<br \/>\nManual (Pneumatic for optional)<br \/>\nHMI<br \/>\n3.2in LCD display, real-time display of test data<br \/>\nThe initial angel of tearing<br \/>\n27.5\u00b10.5<br \/>\nTear distance<br \/>\n(43\u00b10.5)mm<br \/>\nPrintout<br \/>\nModular integrated thermal printer<br \/>\nWorking environment<br \/>\nTemperature (20 \u00b1 10) \u00b0 C, humidity <85%\nDimensions\n510*400*365mm\nPower\nAC220V 50Hz\n<\/p>\n","protected":false},"excerpt":{"rendered":"<p>Paper Elmendorf Tearing Testing Machine, Paper Tear Strength Tester Model NG-613 MOQ 1 Set Lead Time 3-15 Working Days Country of Origin China Package Standard&#8230;<\/p>\n","protected":false},"featured_media":5827,"comment_status":"open","ping_status":"closed","template":"","meta":[],"etheme_brands":[{"term_id":67,"name":"Newgoer","slug":"newgoer","term_group":0,"term_taxonomy_id":67,"taxonomy":"brand","description":"","parent":0,"count":271,"filter":"raw"}],"product_cat":[64],"product_tag":[],"_links":{"self":[{"href":"https:\/\/www.cncmarketi.com\/index.php\/wp-json\/wp\/v2\/product\/5833"}],"collection":[{"href":"https:\/\/www.cncmarketi.com\/index.php\/wp-json\/wp\/v2\/product"}],"about":[{"href":"https:\/\/www.cncmarketi.com\/index.php\/wp-json\/wp\/v2\/types\/product"}],"replies":[{"embeddable":true,"href":"https:\/\/www.cncmarketi.com\/index.php\/wp-json\/wp\/v2\/comments?post=5833"}],"version-history":[{"count":0,"href":"https:\/\/www.cncmarketi.com\/index.php\/wp-json\/wp\/v2\/product\/5833\/revisions"}],"wp:featuredmedia":[{"embeddable":true,"href":"https:\/\/www.cncmarketi.com\/index.php\/wp-json\/wp\/v2\/media\/5827"}],"wp:attachment":[{"href":"https:\/\/www.cncmarketi.com\/index.php\/wp-json\/wp\/v2\/media?parent=5833"}],"wp:term":[{"taxonomy":"brand","embeddable":true,"href":"https:\/\/www.cncmarketi.com\/index.php\/wp-json\/wp\/v2\/etheme_brands?post=5833"},{"taxonomy":"product_cat","embeddable":true,"href":"https:\/\/www.cncmarketi.com\/index.php\/wp-json\/wp\/v2\/product_cat?post=5833"},{"taxonomy":"product_tag","embeddable":true,"href":"https:\/\/www.cncmarketi.com\/index.php\/wp-json\/wp\/v2\/product_tag?post=5833"}],"curies":[{"name":"wp","href":"https:\/\/api.w.org\/{rel}","templated":true}]}}