{"id":5718,"date":"2023-08-06T08:23:49","date_gmt":"2023-08-06T05:23:49","guid":{"rendered":"https:\/\/www.cncmarketi.com\/index.php\/product\/cep-telefonu-yonlu-drop-life-tester-elektronik-drop-etki-test-cihazi\/"},"modified":"2023-08-06T08:58:49","modified_gmt":"2023-08-06T05:58:49","slug":"cep-telefonu-yonlu-drop-life-tester-elektronik-drop-etki-test-cihazi","status":"publish","type":"product","link":"https:\/\/www.cncmarketi.com\/index.php\/product\/cep-telefonu-yonlu-drop-life-tester-elektronik-drop-etki-test-cihazi\/","title":{"rendered":"Cep Telefonu Y\u00f6nl\u00fc Drop Life Tester, Elektronik Drop Etki Test Cihaz\u0131"},"content":{"rendered":"<p>\u63cf\u8ff0<br \/>\nSummary:<br \/>\nMobile Phone Directional Drop Testing Machine is designed to evaluate the impact of the product on the performance of the product after the product has been accidentally dropped. When applied to mobile phone, PDA, telephone, electronic dictionary, CD, MP3, adapter, battery and other small consumer electronics For the original posture and acceleration drop test.<br \/>\nThe machine adopts electric lift and pneumatic drop structure, the lift location is accurate and fast, the drop is real and effective; Equipped with special pneumatic clamping fixture (adjustable stroke) , the front end of fixture is equipped with silicone rubber (to avoid cutting products or operators) or sucker fixture. It can used for drop test of mobile phones of various specifications; Drop height is driven by electric motor and adjusted by precise screw drive. The operation is smooth and low noise. No hands are needed to move the drop height.<br \/>\nApplication Standards:<br \/>\nIEC60068-2-32, GB\/T 2423.8, YD\/T1539-2006, JIS C 0044 ETC.<br \/>\nFeatures:<br \/>\nThe machine uses the electric components for the test height adjustment, positioning fast, durable use;<br \/>\nThe machine uses Japan SMC vacuum sucker adsorb products to achieve multiple-angle drop, for products: Ling, angle, surface test.<br \/>\nProduct drop angle close to the test set the angle;<br \/>\nDrop test can automatically rise to set the height, easy to operate, improve test efficiency;<br \/>\nAll pneumatic components are used in Japan SMC quality components, durable use;<br \/>\nA variety of drop board optional: steel, transparent acrylic board, wood), cement board, marble plate, for multi-country test requirements (standard products marble fall media)<br \/>\nAutomatic counting (drop count) function;<br \/>\nTouch screen + high response PLC control, and all the electrical control parts choose high quality brand products, which has faster response speed and more stable operation. Acceleration, maximum landing speed, test time and other data can be measured.<br \/>\nSpecifications:<br \/>\nMax. test height<br \/>\n300 ~ 1500mm, 1800mm (or customized)<br \/>\nMax. drop Weight<br \/>\n2kg<br \/>\nMin. detachment height<br \/>\n300mm<br \/>\nCounter<br \/>\n0 ~ 999999<br \/>\nDisplay<br \/>\nTouch screen setting and dispaly<br \/>\nAir source<br \/>\n\u2265 0.5MPa<br \/>\nSample fixing method<br \/>\nSucker or Clamper<br \/>\nMachine size<br \/>\nW700xD1000xH2400mm<br \/>\nPower<br \/>\nAC220V 50Hz 3A or 110V 60Hz 6A<br \/>\nNEWGOER is a professional manufacturer for various test equipment, we denote ourselves to making<br \/>\nbest quality products and service for providing you a suitable solutions!<br \/>\nWe focus on every details of product quality, lifetime and precision.<\/p>\n","protected":false},"excerpt":{"rendered":"<p>\u63cf\u8ff0 Summary: Mobile Phone Directional Drop Testing Machine is designed to evaluate the impact of the product on the performance of the product after the&#8230;<\/p>\n","protected":false},"featured_media":5712,"comment_status":"open","ping_status":"closed","template":"","meta":[],"etheme_brands":[{"term_id":67,"name":"Newgoer","slug":"newgoer","term_group":0,"term_taxonomy_id":67,"taxonomy":"brand","description":"","parent":0,"count":271,"filter":"raw"}],"product_cat":[64],"product_tag":[],"_links":{"self":[{"href":"https:\/\/www.cncmarketi.com\/index.php\/wp-json\/wp\/v2\/product\/5718"}],"collection":[{"href":"https:\/\/www.cncmarketi.com\/index.php\/wp-json\/wp\/v2\/product"}],"about":[{"href":"https:\/\/www.cncmarketi.com\/index.php\/wp-json\/wp\/v2\/types\/product"}],"replies":[{"embeddable":true,"href":"https:\/\/www.cncmarketi.com\/index.php\/wp-json\/wp\/v2\/comments?post=5718"}],"version-history":[{"count":0,"href":"https:\/\/www.cncmarketi.com\/index.php\/wp-json\/wp\/v2\/product\/5718\/revisions"}],"wp:featuredmedia":[{"embeddable":true,"href":"https:\/\/www.cncmarketi.com\/index.php\/wp-json\/wp\/v2\/media\/5712"}],"wp:attachment":[{"href":"https:\/\/www.cncmarketi.com\/index.php\/wp-json\/wp\/v2\/media?parent=5718"}],"wp:term":[{"taxonomy":"brand","embeddable":true,"href":"https:\/\/www.cncmarketi.com\/index.php\/wp-json\/wp\/v2\/etheme_brands?post=5718"},{"taxonomy":"product_cat","embeddable":true,"href":"https:\/\/www.cncmarketi.com\/index.php\/wp-json\/wp\/v2\/product_cat?post=5718"},{"taxonomy":"product_tag","embeddable":true,"href":"https:\/\/www.cncmarketi.com\/index.php\/wp-json\/wp\/v2\/product_tag?post=5718"}],"curies":[{"name":"wp","href":"https:\/\/api.w.org\/{rel}","templated":true}]}}