{"id":5493,"date":"2023-08-06T08:19:39","date_gmt":"2023-08-06T05:19:39","guid":{"rendered":"https:\/\/www.cncmarketi.com\/index.php\/product\/yuk-inme-egrisi-analizi-test-makinesi-dugme-anahtar-kuvvet-deplasman-test-cihazi\/"},"modified":"2023-08-06T08:59:08","modified_gmt":"2023-08-06T05:59:08","slug":"yuk-inme-egrisi-analizi-test-makinesi-dugme-anahtar-kuvvet-deplasman-test-cihazi","status":"publish","type":"product","link":"https:\/\/www.cncmarketi.com\/index.php\/product\/yuk-inme-egrisi-analizi-test-makinesi-dugme-anahtar-kuvvet-deplasman-test-cihazi\/","title":{"rendered":"Y\u00fck \u0130nme E\u011frisi Analizi Test Makinesi, D\u00fc\u011fme Anahtar Kuvvet Deplasman Test Cihaz\u0131"},"content":{"rendered":"<p>\u63cf\u8ff0<br \/>\nSummary:<br \/>\nThis machine is applies to all kinds of rubber buttons, metal buttons and switches for shrapnel (load-displacement) curves, while under pressure to complete the rebound test. the operation is simple and convenient, and all the data can be stored ( test conditions, load curve, test results, test report and so on. This machine adopts the servo motor drive,can provide high accuracy ( load \u2013 stroke ) measuring, and can get the key and switch curve completely accurate test.<br \/>\nTest Items:<br \/>\nRubber button (load-displacement) test<br \/>\nMetal shrapnel button (load-displacement) test<br \/>\nCellphone,controller button (load-displacement) test<br \/>\nAll kinds of buttons,keyboard life decay experiment<br \/>\nFeatures:<br \/>\nPeak Force, Return Force, Return Force, Distance and Click rate can directly display the values in the<br \/>\nchart, does not need manual calculation.<br \/>\nMeasurements graphs by computer memory can always zoom in and zoom out, a piece of A4 paper can<br \/>\nbe arbitrarily designated place lots of graphs.<br \/>\nDetermination exclusively eucalyptus can be input on the value of the higher and lower limit<br \/>\nspecifications, measurement results.<br \/>\nCan automatically determine the OK or NO.<br \/>\nEnter the maximum measured stroke and load, the computer automatically controlled.<br \/>\nLoad units display N, Ib, gf, kgf and freely switch.<br \/>\nComputer directly print and storage load \u2013 stroke curves, check the report. (No graph paper, general A4<br \/>\npaper is OK.<br \/>\nTest data is stored on the hard disk (each piece of data can be stored and unlimited).<br \/>\nTest conditions are setted by the computer screen (including test stroke, speed, frequency, compressed ,<br \/>\npause time, etc.).<br \/>\nThe rise of the content of inspection report can be modified at any time (Chinese or English).<br \/>\nThe inspection report can be generated automatically, without further input.<br \/>\nInspection reports can be converted to Excel and other instruments report format.<br \/>\nSpecifications:<br \/>\nCapacity<br \/>\n2kgf, 500gf (optional)<br \/>\nMinimum display load<br \/>\n0.01gf<br \/>\nMaximum test stroke<br \/>\n100mm<br \/>\nMinimum test stroke<br \/>\n0.01mm (0.001 for choose)<br \/>\nSpeed precise<br \/>\n0.5%<br \/>\nMeasurement speed range<br \/>\n1-100mm\/min<br \/>\nDrive mechanism<br \/>\nServo motor \/ ball screw<br \/>\nSize<br \/>\n300\u00d7270\u00d7500mm<br \/>\nWeight<br \/>\n32Kg<br \/>\nPower<br \/>\nAC 110V or 220V,5A<\/p>\n","protected":false},"excerpt":{"rendered":"<p>\u63cf\u8ff0 Summary: This machine is applies to all kinds of rubber buttons, metal buttons and switches for shrapnel (load-displacement) curves, while under pressure to complete&#8230;<\/p>\n","protected":false},"featured_media":5487,"comment_status":"open","ping_status":"closed","template":"","meta":[],"etheme_brands":[{"term_id":67,"name":"Newgoer","slug":"newgoer","term_group":0,"term_taxonomy_id":67,"taxonomy":"brand","description":"","parent":0,"count":271,"filter":"raw"}],"product_cat":[64],"product_tag":[],"_links":{"self":[{"href":"https:\/\/www.cncmarketi.com\/index.php\/wp-json\/wp\/v2\/product\/5493"}],"collection":[{"href":"https:\/\/www.cncmarketi.com\/index.php\/wp-json\/wp\/v2\/product"}],"about":[{"href":"https:\/\/www.cncmarketi.com\/index.php\/wp-json\/wp\/v2\/types\/product"}],"replies":[{"embeddable":true,"href":"https:\/\/www.cncmarketi.com\/index.php\/wp-json\/wp\/v2\/comments?post=5493"}],"version-history":[{"count":0,"href":"https:\/\/www.cncmarketi.com\/index.php\/wp-json\/wp\/v2\/product\/5493\/revisions"}],"wp:featuredmedia":[{"embeddable":true,"href":"https:\/\/www.cncmarketi.com\/index.php\/wp-json\/wp\/v2\/media\/5487"}],"wp:attachment":[{"href":"https:\/\/www.cncmarketi.com\/index.php\/wp-json\/wp\/v2\/media?parent=5493"}],"wp:term":[{"taxonomy":"brand","embeddable":true,"href":"https:\/\/www.cncmarketi.com\/index.php\/wp-json\/wp\/v2\/etheme_brands?post=5493"},{"taxonomy":"product_cat","embeddable":true,"href":"https:\/\/www.cncmarketi.com\/index.php\/wp-json\/wp\/v2\/product_cat?post=5493"},{"taxonomy":"product_tag","embeddable":true,"href":"https:\/\/www.cncmarketi.com\/index.php\/wp-json\/wp\/v2\/product_tag?post=5493"}],"curies":[{"name":"wp","href":"https:\/\/api.w.org\/{rel}","templated":true}]}}