{"id":5356,"date":"2023-08-06T08:17:03","date_gmt":"2023-08-06T05:17:03","guid":{"rendered":"https:\/\/www.cncmarketi.com\/index.php\/product\/kizilotesi-termometre-kalibrator-siyah-vucut-firini-kalibrator\/"},"modified":"2023-08-06T08:59:23","modified_gmt":"2023-08-06T05:59:23","slug":"kizilotesi-termometre-kalibrator-siyah-vucut-firini-kalibrator","status":"publish","type":"product","link":"https:\/\/www.cncmarketi.com\/index.php\/product\/kizilotesi-termometre-kalibrator-siyah-vucut-firini-kalibrator\/","title":{"rendered":"K\u0131z\u0131l\u00f6tesi Termometre Kalibrat\u00f6r Siyah V\u00fccut F\u0131r\u0131n\u0131 Kalibrat\u00f6r"},"content":{"rendered":"<p>Infrared Thermometer Calibrator Black Body Furnace Calibrator<br \/>\nModel<br \/>\nNG-BB43<br \/>\nMOQ<br \/>\n1 Set<br \/>\nLead Time<br \/>\n3-15 Working Days<br \/>\nCountry of Origin<br \/>\nChina<br \/>\nPackage<br \/>\nStandard Export Wooden Box<br \/>\nOEM &#038; ODM<br \/>\nSupport<br \/>\n\u63cf\u8ff0<br \/>\n\u7528\u6237\u8bc4\u8bba (0)<br \/>\n\u63cf\u8ff0<br \/>\nSummary:<br \/>\nA precision blackbody (black body) is a controlled source of thermal radiation used to calibrate infrared radiation thermometers (pyrometers), thermal imagers and radiation heat flux gauges and radio-meters. It is our ZONHOW R&#038;D and manufactured product which is special used in calibration for Infra-red ear temperature gun, forehead temperature gun and medical thermometer. It can also be used for the calibration of infrared body surface screening instrument. Through our main R&#038;D of the temperature cycle system, plus the new materials, the<br \/>\nemissivity can reach more than 0.99.<br \/>\nThis black body source has been introduced to meet the demand for a simple, cost-effective, but high accuracy<br \/>\ncalibrator for the calibration of thermal imagers and infrared thermometers used at temperatures near ambient.<br \/>\nA 56mm diameter, ridged plate is heated or cooled with an internal solid-state thermoelectric heat pump. The temperature of the plate can be set from 30\u00b0C to 50\u00b0C, to a resolution of 0.01\u00b0C.<br \/>\nFeatures:<br \/>\n1) Emissivity: more than 0.99, isothermal black body cavity, only one cavity mouth, cavity mouth radiation evenly distributed with the spectrum.<br \/>\n2) Novel design, simple operation<br \/>\n3) Adapt automatic temperature control method, safe and reliable, fast temperature rise and good temperature stability.<br \/>\n4) Easy to operate, Small size and light weight, easy to carry. Suitable not only for laboratory calibration, but also for field calibration.<br \/>\n5) Display the measured value, set value and parameter setting with double row digits. New technology, high precision, multi \u2013 function and strong anti \u2013 interference ability.<br \/>\nSpecifications:<br \/>\nItem<br \/>\nBlack Body Furnace for Calibration of Infrared Thermometer<br \/>\nMeasure Range<br \/>\n30~50\u2103<br \/>\nTemp Resolution<br \/>\n0.01\u2103<br \/>\nCavity Diameter<br \/>\n\u03a656mm<br \/>\nCavity Depth<br \/>\n50mm<br \/>\nEmissivity<br \/>\n\u22650.99<br \/>\nTemp Stability<br \/>\n\u00b10.1\u2103\/30min<br \/>\nTemp Uniformity<br \/>\n\u00b10.1C\u00b0<br \/>\nPower<br \/>\n220V AC 50HZ<br \/>\nWeight<br \/>\nApprox 3.0Kg<\/p>\n","protected":false},"excerpt":{"rendered":"<p>Infrared Thermometer Calibrator Black Body Furnace Calibrator Model NG-BB43 MOQ 1 Set Lead Time 3-15 Working Days Country of Origin China Package Standard Export Wooden&#8230;<\/p>\n","protected":false},"featured_media":5350,"comment_status":"open","ping_status":"closed","template":"","meta":[],"etheme_brands":[{"term_id":67,"name":"Newgoer","slug":"newgoer","term_group":0,"term_taxonomy_id":67,"taxonomy":"brand","description":"","parent":0,"count":271,"filter":"raw"}],"product_cat":[64],"product_tag":[],"_links":{"self":[{"href":"https:\/\/www.cncmarketi.com\/index.php\/wp-json\/wp\/v2\/product\/5356"}],"collection":[{"href":"https:\/\/www.cncmarketi.com\/index.php\/wp-json\/wp\/v2\/product"}],"about":[{"href":"https:\/\/www.cncmarketi.com\/index.php\/wp-json\/wp\/v2\/types\/product"}],"replies":[{"embeddable":true,"href":"https:\/\/www.cncmarketi.com\/index.php\/wp-json\/wp\/v2\/comments?post=5356"}],"version-history":[{"count":0,"href":"https:\/\/www.cncmarketi.com\/index.php\/wp-json\/wp\/v2\/product\/5356\/revisions"}],"wp:featuredmedia":[{"embeddable":true,"href":"https:\/\/www.cncmarketi.com\/index.php\/wp-json\/wp\/v2\/media\/5350"}],"wp:attachment":[{"href":"https:\/\/www.cncmarketi.com\/index.php\/wp-json\/wp\/v2\/media?parent=5356"}],"wp:term":[{"taxonomy":"brand","embeddable":true,"href":"https:\/\/www.cncmarketi.com\/index.php\/wp-json\/wp\/v2\/etheme_brands?post=5356"},{"taxonomy":"product_cat","embeddable":true,"href":"https:\/\/www.cncmarketi.com\/index.php\/wp-json\/wp\/v2\/product_cat?post=5356"},{"taxonomy":"product_tag","embeddable":true,"href":"https:\/\/www.cncmarketi.com\/index.php\/wp-json\/wp\/v2\/product_tag?post=5356"}],"curies":[{"name":"wp","href":"https:\/\/api.w.org\/{rel}","templated":true}]}}