{"id":5349,"date":"2023-08-06T08:16:56","date_gmt":"2023-08-06T05:16:56","guid":{"rendered":"https:\/\/www.cncmarketi.com\/index.php\/product\/kizilotesi-insan-vucudu-sicakligi-tespit-kapisi-sicaklik-tarayicisi\/"},"modified":"2023-08-06T08:59:23","modified_gmt":"2023-08-06T05:59:23","slug":"kizilotesi-insan-vucudu-sicakligi-tespit-kapisi-sicaklik-tarayicisi","status":"publish","type":"product","link":"https:\/\/www.cncmarketi.com\/index.php\/product\/kizilotesi-insan-vucudu-sicakligi-tespit-kapisi-sicaklik-tarayicisi\/","title":{"rendered":"K\u0131z\u0131l\u00f6tesi \u0130nsan V\u00fccudu S\u0131cakl\u0131\u011f\u0131 Tespit Kap\u0131s\u0131, S\u0131cakl\u0131k Taray\u0131c\u0131s\u0131"},"content":{"rendered":"<p>Summary:<br \/>\nThe Intelligent Temperature Detect Gate uses a high-precision infrared temperature sensor with a<br \/>\nsensing distance of 0.5-1 meters. It has high precision and high resolution and is immune to the<br \/>\nenvironment and sunlight. The measurement error at room temperature is \u00b1 0.5 \u00b0 C, and the resolution<br \/>\nis 0.02 \u00b0 C. Theinitial temperature setting is 37.3 \u00b0 C (adjustable). The actual body temperature of the<br \/>\nhuman body is displayed when the detection door is in operation. An alarm is issued when the<br \/>\ntemperature exceeds 37.3 \u00b0 C.<br \/>\nNon-contact initial screening for abnormal body temperature, fast detection speed, can prevent personnel<br \/>\ncontact with cross-infection.It has a 7-inch LCD screen, which can display the information of measuring temperature, alarm temperature, alarm times, number of people passing through, compensation parameters and so on.<br \/>\nFeatures:<br \/>\nTWO Sensors Non-contact temperature scanner: about 10-15 cm away from the probe, and the forehead\/wrist temperature can be detected.<br \/>\nSix Metal Detect zones, and suspicious objects can be accurately displayed in correspondence.<br \/>\nLED Display doorpost light can display alarm zone visually and sound and light alarm at the same time.<br \/>\nHigh sensitivity:a piece of coin metal can be detected, and the influence of belt buckles, leather shoes, bras can be ruled out, and more than 200 grams of copper, aluminum, zinc and other metals or controlled knives and guns can be detected.<br \/>\nAdditional functions: optional remote control can be used to control parameters, reserve switching signals, and can be connected to computers, cameras, three rollers, etc.<br \/>\nHarmless: Harmless to cardiac pacemaker wearers, pregnant women, and magnetic media.<br \/>\nSpecifications:<br \/>\nItem<br \/>\nNG-8811 Infrared Human Body Temperature Scanner<br \/>\nDetection distance<br \/>\nForehead, wrist 5-15CM<br \/>\nTemperature measurement range<br \/>\n30\u2103\uff5e42\u2103<br \/>\nMinimum resolution<br \/>\n0.1\u2103<br \/>\nTemperature measurement module<br \/>\nMELEXIS<br \/>\nTemperature measurement accuracy<br \/>\n\u00b10.5\u2103\uff08Indoor Temperature\uff09<br \/>\nRepeat accuracy<br \/>\n\u00b10.2\u2103<br \/>\nResponse time<br \/>\n0.1S<br \/>\nMeasure time<br \/>\n0.5S-1.5S<br \/>\nDisplay<br \/>\n7 inch color touch screen<br \/>\nWorking environment<br \/>\n-10\u2103\u250035\u2103<br \/>\nExternal power<br \/>\n220V 50Hz<br \/>\nTunnel Dimension<br \/>\n2000(H)) x 700(W) x 550(D) mm<br \/>\nWhole Dimension<br \/>\n2202(H) x 820(W) x 550(D) mm<\/p>\n","protected":false},"excerpt":{"rendered":"<p>Summary: The Intelligent Temperature Detect Gate uses a high-precision infrared temperature sensor with a sensing distance of 0.5-1 meters. It has high precision and high&#8230;<\/p>\n","protected":false},"featured_media":5343,"comment_status":"open","ping_status":"closed","template":"","meta":[],"etheme_brands":[{"term_id":67,"name":"Newgoer","slug":"newgoer","term_group":0,"term_taxonomy_id":67,"taxonomy":"brand","description":"","parent":0,"count":271,"filter":"raw"}],"product_cat":[64],"product_tag":[],"_links":{"self":[{"href":"https:\/\/www.cncmarketi.com\/index.php\/wp-json\/wp\/v2\/product\/5349"}],"collection":[{"href":"https:\/\/www.cncmarketi.com\/index.php\/wp-json\/wp\/v2\/product"}],"about":[{"href":"https:\/\/www.cncmarketi.com\/index.php\/wp-json\/wp\/v2\/types\/product"}],"replies":[{"embeddable":true,"href":"https:\/\/www.cncmarketi.com\/index.php\/wp-json\/wp\/v2\/comments?post=5349"}],"version-history":[{"count":0,"href":"https:\/\/www.cncmarketi.com\/index.php\/wp-json\/wp\/v2\/product\/5349\/revisions"}],"wp:featuredmedia":[{"embeddable":true,"href":"https:\/\/www.cncmarketi.com\/index.php\/wp-json\/wp\/v2\/media\/5343"}],"wp:attachment":[{"href":"https:\/\/www.cncmarketi.com\/index.php\/wp-json\/wp\/v2\/media?parent=5349"}],"wp:term":[{"taxonomy":"brand","embeddable":true,"href":"https:\/\/www.cncmarketi.com\/index.php\/wp-json\/wp\/v2\/etheme_brands?post=5349"},{"taxonomy":"product_cat","embeddable":true,"href":"https:\/\/www.cncmarketi.com\/index.php\/wp-json\/wp\/v2\/product_cat?post=5349"},{"taxonomy":"product_tag","embeddable":true,"href":"https:\/\/www.cncmarketi.com\/index.php\/wp-json\/wp\/v2\/product_tag?post=5349"}],"curies":[{"name":"wp","href":"https:\/\/api.w.org\/{rel}","templated":true}]}}