{"id":5342,"date":"2023-08-06T08:16:50","date_gmt":"2023-08-06T05:16:50","guid":{"rendered":"https:\/\/www.cncmarketi.com\/index.php\/product\/endustriyel-sicak-hava-anti-patlama-kurutma-firini-pil-soku-anti-patlama-firini\/"},"modified":"2023-08-06T08:59:23","modified_gmt":"2023-08-06T05:59:23","slug":"endustriyel-sicak-hava-anti-patlama-kurutma-firini-pil-soku-anti-patlama-firini","status":"publish","type":"product","link":"https:\/\/www.cncmarketi.com\/index.php\/product\/endustriyel-sicak-hava-anti-patlama-kurutma-firini-pil-soku-anti-patlama-firini\/","title":{"rendered":"End\u00fcstriyel S\u0131cak Hava Anti Patlama Kurutma F\u0131r\u0131n\u0131, Pil \u015eoku Anti Patlama F\u0131r\u0131n\u0131"},"content":{"rendered":"<p>Industrial Hot Air Anti Explosion Drying Oven, Battery Shock Anti Explosion Oven<br \/>\nModel<br \/>\nNG-FB<br \/>\nMOQ<br \/>\n1 Set<br \/>\nLead Time<br \/>\n3-15 Working Days<br \/>\nCountry of Origin<br \/>\nChina<br \/>\nPackage<br \/>\nStandard Export Wooden Box<br \/>\nOEM &#038; ODM<br \/>\nSupport<br \/>\n\u63cf\u8ff0<br \/>\n\u7528\u6237\u8bc4\u8bba (0)<br \/>\n\u63cf\u8ff0<br \/>\nSummary:<br \/>\nAnti Explosion Drying Oven can provide a stable test space for pre-heating, drying, changes about physics and chemistry testing . The baking oven supply precision temperature controller with high stability of platinum resistance to temperature that makes temperature well-distribution.<br \/>\nHorizontal hot air cycle: suitable for baking of sheet products, such as metal, plastic film, film screen printing, leather processing, etc.<br \/>\nUpper and lower hot air cycle: suitable for baking of smaller products, such as baked paint for toys and hardware parts.<br \/>\nStructure:<br \/>\nMaterial of inner box: stainless steel plate<br \/>\nMaterial: cold rolled steel baking paint<br \/>\nInsulation material: high efficient compressed glass wool<br \/>\nInsulation device: no fuse switch, over-temperature protection switch, fuse<br \/>\nSafety device: over-temperature alarm, overload protection, etc<br \/>\nExhaust duct: vane design can adjust the air volume<br \/>\nControl formation: when the temperature reaches the set temperature, the timer will be automatically turned on. When the time arrives, the heating power will be cut off and the buzzer will prompt<br \/>\nSupply air circulation system: counter flow supply air circulation system<br \/>\nControl system: temperature to time, time to stop, buzzer stop<br \/>\nAir supply system:<br \/>\nForced convection air supply cycle. The air source is driven by the circulation motor to drive the wind wheel through the electric heater, and the hot air is sent to the oven from the duct<br \/>\nAfter use, the hot air is drawn into the duct and becomes the air source for re-heating, thus reducing the energy loss and ensuring the temperature in the box<br \/>\nDegree of uniformity. When the door is disturbed by the opening and closing actions, the air supply circulation system can quickly recover the operating temperature.<br \/>\nDedicated long shaft motor with high temperature resistance and power of 1HP 50Hz<br \/>\nThe fan is a multi-blade turbine with high strength and is equipped with an adjustable air guide plate to make the wind path run more smoothly<br \/>\nMain Specifications:<br \/>\nInner chamber size<br \/>\n400\u00d7400\u00d7450mm (or customized)<br \/>\nOuter size<br \/>\n650\u00d7920\u00d7530mm (or based on inner size)<br \/>\nTemperature range<br \/>\nRT~200\u2103<br \/>\nTemperature stability<br \/>\n\u00b11.0\u2103<br \/>\nTemperature uniformity<br \/>\n\u00b12\u2103<br \/>\nTemperature rising speed<br \/>\n5\u2103\/min<br \/>\nTemperature controller<br \/>\nProgrammable rising<\/p>\n","protected":false},"excerpt":{"rendered":"<p>Industrial Hot Air Anti Explosion Drying Oven, Battery Shock Anti Explosion Oven Model NG-FB MOQ 1 Set Lead Time 3-15 Working Days Country of Origin&#8230;<\/p>\n","protected":false},"featured_media":5337,"comment_status":"open","ping_status":"closed","template":"","meta":[],"etheme_brands":[{"term_id":67,"name":"Newgoer","slug":"newgoer","term_group":0,"term_taxonomy_id":67,"taxonomy":"brand","description":"","parent":0,"count":271,"filter":"raw"}],"product_cat":[64],"product_tag":[],"_links":{"self":[{"href":"https:\/\/www.cncmarketi.com\/index.php\/wp-json\/wp\/v2\/product\/5342"}],"collection":[{"href":"https:\/\/www.cncmarketi.com\/index.php\/wp-json\/wp\/v2\/product"}],"about":[{"href":"https:\/\/www.cncmarketi.com\/index.php\/wp-json\/wp\/v2\/types\/product"}],"replies":[{"embeddable":true,"href":"https:\/\/www.cncmarketi.com\/index.php\/wp-json\/wp\/v2\/comments?post=5342"}],"version-history":[{"count":0,"href":"https:\/\/www.cncmarketi.com\/index.php\/wp-json\/wp\/v2\/product\/5342\/revisions"}],"wp:featuredmedia":[{"embeddable":true,"href":"https:\/\/www.cncmarketi.com\/index.php\/wp-json\/wp\/v2\/media\/5337"}],"wp:attachment":[{"href":"https:\/\/www.cncmarketi.com\/index.php\/wp-json\/wp\/v2\/media?parent=5342"}],"wp:term":[{"taxonomy":"brand","embeddable":true,"href":"https:\/\/www.cncmarketi.com\/index.php\/wp-json\/wp\/v2\/etheme_brands?post=5342"},{"taxonomy":"product_cat","embeddable":true,"href":"https:\/\/www.cncmarketi.com\/index.php\/wp-json\/wp\/v2\/product_cat?post=5342"},{"taxonomy":"product_tag","embeddable":true,"href":"https:\/\/www.cncmarketi.com\/index.php\/wp-json\/wp\/v2\/product_tag?post=5342"}],"curies":[{"name":"wp","href":"https:\/\/api.w.org\/{rel}","templated":true}]}}