{"id":5336,"date":"2023-08-06T08:16:42","date_gmt":"2023-08-06T05:16:42","guid":{"rendered":"https:\/\/www.cncmarketi.com\/index.php\/product\/endustriyel-iklim-kontrollu-yuksek-dusuk-sicaklik-test-odasi-yuksek-dusuk-sicaklik-test-cihazi\/"},"modified":"2023-08-06T08:59:39","modified_gmt":"2023-08-06T05:59:39","slug":"endustriyel-iklim-kontrollu-yuksek-dusuk-sicaklik-test-odasi-yuksek-dusuk-sicaklik-test-cihazi","status":"publish","type":"product","link":"https:\/\/www.cncmarketi.com\/index.php\/product\/endustriyel-iklim-kontrollu-yuksek-dusuk-sicaklik-test-odasi-yuksek-dusuk-sicaklik-test-cihazi\/","title":{"rendered":"End\u00fcstriyel iklim kontroll\u00fc y\u00fcksek d\u00fc\u015f\u00fck s\u0131cakl\u0131k test odas\u0131, y\u00fcksek d\u00fc\u015f\u00fck s\u0131cakl\u0131k test cihaz\u0131"},"content":{"rendered":"<p>Industrial Climate Controlled High Low Temperature Test Chamber, High Low Temperature Tester<br \/>\nModel<br \/>\nNG-GD<br \/>\nMOQ<br \/>\n1 Set<br \/>\nLead Time<br \/>\n3-15 Working Days<br \/>\nCountry of Origin<br \/>\nChina<br \/>\nPackage<br \/>\nStandard Export Wooden Box<br \/>\nOEM &#038; ODM<br \/>\nSupport<br \/>\n\u63cf\u8ff0<br \/>\n\u7528\u6237\u8bc4\u8bba (0)<br \/>\n\u63cf\u8ff0<br \/>\nHigh low temperature test chamber is used to test or composite material structure,instant by the extremely high temperature and low temperature under continuous environment can endure degree,in order to test chemical change in shortest time caused by heat bilges cold shrink or physical damage.Applicable to metal and plastic,rubber,electronic\u2026such as material, can caused as the basis of its product improvements or reference.<br \/>\nStandard\uff1aJIS C8990,IEC61730-2,IEC61215\/IEC61646\/ IEC61701\/ IEC 61370\u2026<br \/>\nTechnical Parameters<br \/>\nModel<br \/>\nInner Chamber Volume<br \/>\nInternal Dimensions<br \/>\nW*H*D(cm)<br \/>\nExternal Dimensions<br \/>\nW*H*D(cm)<br \/>\nNG-GD80<br \/>\n80L<br \/>\n40*50*40<br \/>\n90*143*100<br \/>\nNG-GD150<br \/>\n150L<br \/>\n50*60*50<br \/>\n100*153*110<br \/>\nNG-GD225<br \/>\n225L<br \/>\n60*75*50<br \/>\n110*168*110<br \/>\nNG-GD408<br \/>\n408L<br \/>\n80*85*60<br \/>\n130*178*120<br \/>\nNG-GD800<br \/>\n800L<br \/>\n100*100*80<br \/>\n150*193*140<br \/>\nNG-GD1000<br \/>\n1000L<br \/>\n100*100*100<br \/>\n150*193*160<br \/>\nItem<br \/>\nHigh Low Temperature Control Stability Test Environmental Chamber<br \/>\nTemperature Range<br \/>\nA : -20\u2103 \uff5e +150 \u2103 B : -40\u2103 \uff5e +150 \u2103 C: -70\u2103 \uff5e +150 \u2103<br \/>\nTemperature Fluctuation<br \/>\n\u00b1 0.5 \u2103<br \/>\nTemperature Deviation<br \/>\n\u00b1 2.0 \u2103<br \/>\nCooling Rate<br \/>\n1 \u2103 \/ min<br \/>\nHeating Rate<br \/>\n3 \u2103 \/ min<br \/>\nRefrigerant<br \/>\nR404A, R23<br \/>\nHeating Element<br \/>\nNichrome heater<br \/>\nController<br \/>\nProgrammable color LCD touch screen controller<br \/>\nTemperature Sensor<br \/>\nPTR Platinum Resistance PT100\u03a9\/MV A-class, accuracy 0.001\u2103<br \/>\nExterior Material<br \/>\nSteel Plate with protective coating<br \/>\nInterior Material<br \/>\nSUS304 stainless steel<br \/>\nStandard Configuration<br \/>\n1 Cable hole (\u03a6 50,) with plug; 2 shelves<br \/>\nPower Supply<br \/>\n220V 50Hz \/ 380V 50Hz<br \/>\nMaximum Noise<br \/>\n65 dBA<br \/>\nFeature:<br \/>\nHigh performance and quiet operation (65 dBa).<br \/>\nSpace-saving footprint, designed for flush installation to wall.<br \/>\nStainless steel exterior.<br \/>\nFull thermal break around door frame.<br \/>\nOne 50mm (2\u2033) or 100mm (4\u2033) diameter cable port on left, with flexible silicone plug.<br \/>\nThree levels of overheat protection, plus overcool protection.<br \/>\nEasy lift-off service panels, electrical access on left.<br \/>\nDetachable eight-foot power cord with plug.<br \/>\nETL listed electrical panel conforming to UL 508A.<br \/>\nStandards:<br \/>\nGB11158 high-temperature testing condition<br \/>\nGB10589-89 low-temperature testing condition<br \/>\nGB10592-89 high-low-temperature testing condition<br \/>\nGB\/T2423.1-2001 low-temperature testing condition<br \/>\nGB\/T2423.2-2001 high-temperature testing condition<br \/>\nGB\/T2423.4-93 alternating temperature testing machine<br \/>\nGB\/T2423.22-2001 temperature testing method<br \/>\nIEC60068-2-1.1990 low-temperature testing method<br \/>\nIEC60068-2-2.1974 high-temperature testing method<br \/>\nGJB150.3 high-temperature test<br \/>\nGJB150.4 low-temperature test<br \/>\nETC\u2026<\/p>\n","protected":false},"excerpt":{"rendered":"<p>Industrial Climate Controlled High Low Temperature Test Chamber, High Low Temperature Tester Model NG-GD MOQ 1 Set Lead Time 3-15 Working Days Country of Origin&#8230;<\/p>\n","protected":false},"featured_media":5330,"comment_status":"open","ping_status":"closed","template":"","meta":[],"etheme_brands":[{"term_id":67,"name":"Newgoer","slug":"newgoer","term_group":0,"term_taxonomy_id":67,"taxonomy":"brand","description":"","parent":0,"count":271,"filter":"raw"}],"product_cat":[64],"product_tag":[],"_links":{"self":[{"href":"https:\/\/www.cncmarketi.com\/index.php\/wp-json\/wp\/v2\/product\/5336"}],"collection":[{"href":"https:\/\/www.cncmarketi.com\/index.php\/wp-json\/wp\/v2\/product"}],"about":[{"href":"https:\/\/www.cncmarketi.com\/index.php\/wp-json\/wp\/v2\/types\/product"}],"replies":[{"embeddable":true,"href":"https:\/\/www.cncmarketi.com\/index.php\/wp-json\/wp\/v2\/comments?post=5336"}],"version-history":[{"count":0,"href":"https:\/\/www.cncmarketi.com\/index.php\/wp-json\/wp\/v2\/product\/5336\/revisions"}],"wp:featuredmedia":[{"embeddable":true,"href":"https:\/\/www.cncmarketi.com\/index.php\/wp-json\/wp\/v2\/media\/5330"}],"wp:attachment":[{"href":"https:\/\/www.cncmarketi.com\/index.php\/wp-json\/wp\/v2\/media?parent=5336"}],"wp:term":[{"taxonomy":"brand","embeddable":true,"href":"https:\/\/www.cncmarketi.com\/index.php\/wp-json\/wp\/v2\/etheme_brands?post=5336"},{"taxonomy":"product_cat","embeddable":true,"href":"https:\/\/www.cncmarketi.com\/index.php\/wp-json\/wp\/v2\/product_cat?post=5336"},{"taxonomy":"product_tag","embeddable":true,"href":"https:\/\/www.cncmarketi.com\/index.php\/wp-json\/wp\/v2\/product_tag?post=5336"}],"curies":[{"name":"wp","href":"https:\/\/api.w.org\/{rel}","templated":true}]}}