{"id":5248,"date":"2023-08-06T08:15:05","date_gmt":"2023-08-06T05:15:05","guid":{"rendered":"https:\/\/www.cncmarketi.com\/index.php\/product\/halojen-nem-olcer-gida-plastik-kaucuk-icin-nem-analizoru-2\/"},"modified":"2023-08-06T08:59:39","modified_gmt":"2023-08-06T05:59:39","slug":"halojen-nem-olcer-gida-plastik-kaucuk-icin-nem-analizoru-2","status":"publish","type":"product","link":"https:\/\/www.cncmarketi.com\/index.php\/product\/halojen-nem-olcer-gida-plastik-kaucuk-icin-nem-analizoru-2\/","title":{"rendered":"Halojen nem \u00f6l\u00e7er, g\u0131da plastik kau\u00e7uk i\u00e7in nem analiz\u00f6r\u00fc"},"content":{"rendered":"<p>Halogen Humidity Meter, Moisture Analyzer for Food Plastic Rubber<br \/>\nModel<br \/>\nNG-MS<br \/>\nMOQ<br \/>\n1 Set<br \/>\nLead Time<br \/>\n3-15 Working Days<br \/>\nCountry of Origin<br \/>\nChina<br \/>\nPackage<br \/>\nStandard Export Wooden Box<br \/>\nOEM &#038; ODM<br \/>\nSupport<br \/>\n\u63cf\u8ff0<br \/>\n\u7528\u6237\u8bc4\u8bba (0)<br \/>\n\u63cf\u8ff0<br \/>\nSummary:<br \/>\nUniversal Halogen Moisture Meter is the most advanced new plastic fast moisture meter studied and in<br \/>\nlight of crack, bubbling and shrinking caused by much moisture in raw materials in the control of<br \/>\nproduction, injection molding and moulding technology in current plastic industry, which has no moveable parts outside and needs not to set measuring sample and time. Germany advanced technology is introduced in the weighing system so as to avoid instability and easy aging of domestic magnetic sensor. The heating system applies halogen heat device with humane operation so that experimenters can operate it without special training.<br \/>\nIts date is shown and the measurement result is visible and accurate. Instant printing function can<br \/>\nbe operated by a key; standard 232 interface and exclusive software can realize on-line operation;<br \/>\ndata is collected, analyzed, stored and printed at real time. At present, it has been extensively<br \/>\napplied to produce various raw materials, semi-finished products and finished products in the plastic<br \/>\nindustry; for example, polyethylene (PE), polypropylene (PP), polrvinyl chloride(PVC), polystyrene (PS)<br \/>\nABS resin (acrylonitrile-butadiene-styrene copolymer), polyamide (PA)(called nylon usually), makrolo<br \/>\n(PC), polyformaldehyde (POM), modified polyphenylene oxide, thermoplasticity (PET), polyphenylene<br \/>\nsulfide (PPS), liquid crystal polymer LCP, polyether-ether-ketone (PEEL), polyether ketone (PEK),<br \/>\npolyether sulfone (PES), PETG, engineering plastics \u2013 polysulfone (PSF), particles, auxiliaries, master<br \/>\nbatch, wooden plastic and wood flour and so on.<br \/>\nFeatures:<br \/>\n1. Exclusively used in the plastic industry<br \/>\n2. Full-automatic test mode<br \/>\n3. Exclusive software and micro-printer with standard configuration<br \/>\n4. Fast test before and after dehumidification of samples<br \/>\n5. Stand-by operation of particle and powder<br \/>\n6. High efficiency, fast speed;<br \/>\nSpecifications:<br \/>\nModel NG-MS31 NG-MS32 NG-MS35 NG-MS21<br \/>\nMax. weighing range 100g 100g 100g 100g<br \/>\nReading accuracy 0.001g 0.002g 0.005g 0.01g<br \/>\nReadability of Moisture ( >10g) 0.01% 0.02% 0.05% 0.10%<br \/>\nScope of Moisture Measurement 0.01~100%<br \/>\nPan size \u03c6110 (mm)<br \/>\nHeat source HALOGEN LAMP<br \/>\nTemperature heating range RT~160\u00baC<br \/>\nCommunication interface standard RS232 interface<br \/>\nHeating time range 1-99min<br \/>\nOperation temperature 10\u00baC-30\u00baC<br \/>\nRelative humidity \u226480%RH<br \/>\nPower supply 220V\u00b110%, 50HZ\u00b11HZ<br \/>\nNet weight 3.3kg<br \/>\nGross weight 4.6kg<\/p>\n","protected":false},"excerpt":{"rendered":"<p>Halogen Humidity Meter, Moisture Analyzer for Food Plastic Rubber Model NG-MS MOQ 1 Set Lead Time 3-15 Working Days Country of Origin China Package Standard&#8230;<\/p>\n","protected":false},"featured_media":5242,"comment_status":"open","ping_status":"closed","template":"","meta":[],"etheme_brands":[{"term_id":67,"name":"Newgoer","slug":"newgoer","term_group":0,"term_taxonomy_id":67,"taxonomy":"brand","description":"","parent":0,"count":271,"filter":"raw"}],"product_cat":[64],"product_tag":[],"_links":{"self":[{"href":"https:\/\/www.cncmarketi.com\/index.php\/wp-json\/wp\/v2\/product\/5248"}],"collection":[{"href":"https:\/\/www.cncmarketi.com\/index.php\/wp-json\/wp\/v2\/product"}],"about":[{"href":"https:\/\/www.cncmarketi.com\/index.php\/wp-json\/wp\/v2\/types\/product"}],"replies":[{"embeddable":true,"href":"https:\/\/www.cncmarketi.com\/index.php\/wp-json\/wp\/v2\/comments?post=5248"}],"version-history":[{"count":0,"href":"https:\/\/www.cncmarketi.com\/index.php\/wp-json\/wp\/v2\/product\/5248\/revisions"}],"wp:featuredmedia":[{"embeddable":true,"href":"https:\/\/www.cncmarketi.com\/index.php\/wp-json\/wp\/v2\/media\/5242"}],"wp:attachment":[{"href":"https:\/\/www.cncmarketi.com\/index.php\/wp-json\/wp\/v2\/media?parent=5248"}],"wp:term":[{"taxonomy":"brand","embeddable":true,"href":"https:\/\/www.cncmarketi.com\/index.php\/wp-json\/wp\/v2\/etheme_brands?post=5248"},{"taxonomy":"product_cat","embeddable":true,"href":"https:\/\/www.cncmarketi.com\/index.php\/wp-json\/wp\/v2\/product_cat?post=5248"},{"taxonomy":"product_tag","embeddable":true,"href":"https:\/\/www.cncmarketi.com\/index.php\/wp-json\/wp\/v2\/product_tag?post=5248"}],"curies":[{"name":"wp","href":"https:\/\/api.w.org\/{rel}","templated":true}]}}