{"id":5231,"date":"2023-08-06T08:14:48","date_gmt":"2023-08-06T05:14:48","guid":{"rendered":"https:\/\/www.cncmarketi.com\/index.php\/product\/kopuk-girinti-sertligi-sikistirma-test-makinesi-sunger-ifd-sikistirma-test-cihazi\/"},"modified":"2023-08-06T08:59:40","modified_gmt":"2023-08-06T05:59:40","slug":"kopuk-girinti-sertligi-sikistirma-test-makinesi-sunger-ifd-sikistirma-test-cihazi","status":"publish","type":"product","link":"https:\/\/www.cncmarketi.com\/index.php\/product\/kopuk-girinti-sertligi-sikistirma-test-makinesi-sunger-ifd-sikistirma-test-cihazi\/","title":{"rendered":"K\u00f6p\u00fck girinti sertli\u011fi s\u0131k\u0131\u015ft\u0131rma test makinesi, s\u00fcnger IFD s\u0131k\u0131\u015ft\u0131rma test cihaz\u0131"},"content":{"rendered":"<p>\u63cf\u8ff0<br \/>\nSummary:<br \/>\nFoam Indentation Hardness Compression IFD Tester is used to test material compressed indentation hardness, such as sponge, foam and other porous elastic. Put specimen under pressure plate, the plate compress the specimen with a specify speed until the national standard require concavity, the load cell feedback the<br \/>\npressure to computer, it processing and display, then measure the indentation hardness of sponge, foam and other materials.<br \/>\nStandards:<br \/>\nISO 2439,ISO 3386-1(ASTM D3574-B, DIN 53576, JIS K6400-6)<br \/>\nFeatures:<br \/>\nAutomatic zeroing: after the computer receives the starting instruction of the test, the system automatically zeroing;<br \/>\nAutomatic return: after the sample breaks, it automatically returns to the original position.<br \/>\nAutomatic shift: according to the size of the load, you can switch different gears to ensure the measurement accuracy;<br \/>\nChange the speed: the machine can change the test speed arbitrarily according to different samples;<br \/>\nDisplay value calibration: the system can realize the accurate calibration of force value;<br \/>\nControl method: test methods such as test force, test speed, displacement and strain can be selected according to test requirements.<br \/>\nMulti-purpose machine: equipped with different specifications of sensors, can achieve multi-purpose machine;<br \/>\nCurve traversal: after the completion of the test, you can use the mouse to arbitrarily find the test curve point by point of the force and deformation data and analysis;<br \/>\nDisplay: dynamic display of data and curve test process;<br \/>\nResults: the test results were accessible and the data curves were analyzed.<br \/>\nLimit: with program control and mechanical limit;<br \/>\nOverload: automatic shutdown when load exceeds rated value;<br \/>\nSpecifications:<br \/>\nControl and display<br \/>\nComputer + Software<br \/>\nSensor<br \/>\nUSA \u201cTRANSCELL\u201d Load cell<br \/>\nCapacity<br \/>\n200KG<br \/>\nUnit<br \/>\nG, KG, N, LB can be exchanged<br \/>\nAccurate Grade<br \/>\n0.5 grade<br \/>\nUp plate<br \/>\nDiameter 200mm, bottom fillet R1mm<br \/>\nLow plate<br \/>\n420\u00d7420mm, holes diameter 6mm, space 20mm<br \/>\nMax stroke<br \/>\n200mm<br \/>\nTest speed<br \/>\n100\u00b120mm\/min<br \/>\nMotor<br \/>\nJapan Servo Motor<br \/>\nDriver<br \/>\nTaiwan high precision ball screw<br \/>\nPower<br \/>\nAC220V, 50\/60HZ (custom-made)<br \/>\nWeight<br \/>\n160KG<br \/>\nAccessories<br \/>\nOne Set of Computer with Software, Software Disc<\/p>\n","protected":false},"excerpt":{"rendered":"<p>\u63cf\u8ff0 Summary: Foam Indentation Hardness Compression IFD Tester is used to test material compressed indentation hardness, such as sponge, foam and other porous elastic. Put&#8230;<\/p>\n","protected":false},"featured_media":5227,"comment_status":"open","ping_status":"closed","template":"","meta":[],"etheme_brands":[{"term_id":67,"name":"Newgoer","slug":"newgoer","term_group":0,"term_taxonomy_id":67,"taxonomy":"brand","description":"","parent":0,"count":271,"filter":"raw"}],"product_cat":[64],"product_tag":[],"_links":{"self":[{"href":"https:\/\/www.cncmarketi.com\/index.php\/wp-json\/wp\/v2\/product\/5231"}],"collection":[{"href":"https:\/\/www.cncmarketi.com\/index.php\/wp-json\/wp\/v2\/product"}],"about":[{"href":"https:\/\/www.cncmarketi.com\/index.php\/wp-json\/wp\/v2\/types\/product"}],"replies":[{"embeddable":true,"href":"https:\/\/www.cncmarketi.com\/index.php\/wp-json\/wp\/v2\/comments?post=5231"}],"version-history":[{"count":0,"href":"https:\/\/www.cncmarketi.com\/index.php\/wp-json\/wp\/v2\/product\/5231\/revisions"}],"wp:featuredmedia":[{"embeddable":true,"href":"https:\/\/www.cncmarketi.com\/index.php\/wp-json\/wp\/v2\/media\/5227"}],"wp:attachment":[{"href":"https:\/\/www.cncmarketi.com\/index.php\/wp-json\/wp\/v2\/media?parent=5231"}],"wp:term":[{"taxonomy":"brand","embeddable":true,"href":"https:\/\/www.cncmarketi.com\/index.php\/wp-json\/wp\/v2\/etheme_brands?post=5231"},{"taxonomy":"product_cat","embeddable":true,"href":"https:\/\/www.cncmarketi.com\/index.php\/wp-json\/wp\/v2\/product_cat?post=5231"},{"taxonomy":"product_tag","embeddable":true,"href":"https:\/\/www.cncmarketi.com\/index.php\/wp-json\/wp\/v2\/product_tag?post=5231"}],"curies":[{"name":"wp","href":"https:\/\/api.w.org\/{rel}","templated":true}]}}