{"id":5212,"date":"2023-08-06T08:14:28","date_gmt":"2023-08-06T05:14:28","guid":{"rendered":"https:\/\/www.cncmarketi.com\/index.php\/product\/gida-guvenligi-metal-dedektoru-konveyor-bant-metal-dedektoru-makinesi\/"},"modified":"2023-08-06T08:59:40","modified_gmt":"2023-08-06T05:59:40","slug":"gida-guvenligi-metal-dedektoru-konveyor-bant-metal-dedektoru-makinesi","status":"publish","type":"product","link":"https:\/\/www.cncmarketi.com\/index.php\/product\/gida-guvenligi-metal-dedektoru-konveyor-bant-metal-dedektoru-makinesi\/","title":{"rendered":"G\u0131da G\u00fcvenli\u011fi Metal Dedekt\u00f6r\u00fc, Konvey\u00f6r Bant Metal Dedekt\u00f6r\u00fc Makinesi"},"content":{"rendered":"<p>\u63cf\u8ff0<br \/>\nApplication:<br \/>\nFood Security Metal Detector is mainly used for detecting the metal chips inside the nuts, rice, tea and wood processing industry etc. Besides it can also be used for the detection of metallic impurities in chemicals, rubber, plastics, textiles, leather, chemical fiber, toys as well<br \/>\nas for the detection of metallic impurities in pharmaceuticals, health products, biological products, cosmetics, gifts, packaging, papers, and so on.<br \/>\nFeatures:<br \/>\nStable and high sensitivity &#038; precision<br \/>\nMature phase adjustment technology, avoiding shortcomings like no phase of LC analog circuit, low stability, without products suppression function and machine aging caused by time and temperature<br \/>\nAuto-setting function<br \/>\nFast learn product character automatically and finish the Auto-setting process.<br \/>\nNew Function:<br \/>\n-Phase tracking function with can maintain the stable high-sensitivity detection ability<br \/>\n-Product tracking function, which can do adjustment and compensation according to the changes of the product effect automatically<br \/>\n\u2013 Auto-balanced calibration function, which can ensure the service life of the machine<br \/>\nUser-friendly function<br \/>\nAutomatic rewind function, dispense with handling large product;<br \/>\n100 products can be restored in database;<br \/>\nUSB and Ethernet interfaces are available;<br \/>\nLCD, Chinese-English touch screen, easy operation;<br \/>\nInternational languages customized;<br \/>\nEasy to be cleaned<br \/>\nIP65 Dust and Waterproof Wash-down Construction customized available<br \/>\nMain Parameters:<br \/>\nDetecting width<br \/>\n400, 500 mm (can be customized)<br \/>\nDetecting height<br \/>\n80, 100, 120, 150, 200, 250, 300, 350 mm (can be customized)<br \/>\nDetecting sensitivity<br \/>\nFe 0.8mm-3.0mm, Non-Fe 1.2mm- 4.0mm<br \/>\nStainless Steel 1.5mm- 5.0mm<br \/>\nDisplay Screen<br \/>\n4.3inch, 7inch (optional)<br \/>\nSensitivity adjustment<br \/>\n100 level adjustment<br \/>\nDetecting adjustment<br \/>\nIntelligent adjustable<br \/>\nBelt Speed<br \/>\n20m \/min (or specified)<br \/>\nAlarm mode<br \/>\nThe buzzer alarm, the motor automatically stop<br \/>\nPower<br \/>\nAC22V,50Hz (customized)<br \/>\nModel selection function table:<br \/>\nModel<br \/>\nFunction<br \/>\nNG-706B<br \/>\n(4.3 inch screen<br \/>\nBasic model)<br \/>\nNG-706B1<br \/>\n(4.3 inch screen<br \/>\nFunctional model)<br \/>\nNG-706A<br \/>\n(7 inch screen<br \/>\nFunctional model)<br \/>\nNG-706A1<br \/>\n(7 inch screen<br \/>\nVersatile model)<br \/>\nFrequency Adjustable<br \/>\n\u221a<br \/>\n\u221a<br \/>\n\u221a<br \/>\n\u221a<br \/>\nPhase Adjustable<br \/>\n\u221a<br \/>\n\u221a<br \/>\n\u221a<br \/>\n\u221a<br \/>\nGain Adjustable<br \/>\n\u221a<br \/>\n\u221a<br \/>\n\u221a<br \/>\n\u221a<br \/>\nThreshold Adjustable<br \/>\n\u221a<br \/>\n\u221a<br \/>\n\u221a<br \/>\n\u221a<br \/>\nSound Adjustable<br \/>\n\u221a<br \/>\n\u221a<br \/>\n\u221a<br \/>\n\u221a<br \/>\nAlarm Time Adjustable<br \/>\n\u221a<br \/>\n\u221a<br \/>\n\u221a<br \/>\n\u221a<br \/>\nStorage Quantity<br \/>\n(Kinds of Product )<br \/>\n3\/12<br \/>\n3\/12<br \/>\n12<br \/>\n15\/100<br \/>\nBelt Run\/Stop when<br \/>\nAlarm<br \/>\n\u221a<br \/>\n\u221a<br \/>\n\u221a<br \/>\n\u221a<br \/>\nAuto Learning<br \/>\n\u00d7<br \/>\n\u221a<br \/>\n\u221a<br \/>\n\u221a<br \/>\nCounter<br \/>\n\u00d7<br \/>\n\u221a<br \/>\n\u221a<br \/>\n\u221a<br \/>\nNo Metal Alarm<br \/>\n(customization function)<br \/>\n\u00d7<br \/>\n\u00d7<br \/>\n\u00d7<br \/>\n\u221a<br \/>\nBelt Right and Left<br \/>\nRunning<br \/>\n\u00d7<br \/>\n\u00d7<br \/>\n\u00d7<br \/>\n\u221a<br \/>\nBelt Rewinding when<br \/>\nAlarm<br \/>\n\u00d7<br \/>\n\u00d7<br \/>\n\u00d7<br \/>\n\u221a<br \/>\nAutomatic Elimination<br \/>\n\u00d7<br \/>\n\u00d7<br \/>\n\u221a<br \/>\n\u221a<br \/>\nLampstandard<br \/>\n\u00d7<br \/>\n\u00d7<br \/>\n\u221a<br \/>\n\u221a<\/p>\n","protected":false},"excerpt":{"rendered":"<p>\u63cf\u8ff0 Application: Food Security Metal Detector is mainly used for detecting the metal chips inside the nuts, rice, tea and wood processing industry etc. Besides&#8230;<\/p>\n","protected":false},"featured_media":5206,"comment_status":"open","ping_status":"closed","template":"","meta":[],"etheme_brands":[{"term_id":67,"name":"Newgoer","slug":"newgoer","term_group":0,"term_taxonomy_id":67,"taxonomy":"brand","description":"","parent":0,"count":271,"filter":"raw"}],"product_cat":[64],"product_tag":[],"_links":{"self":[{"href":"https:\/\/www.cncmarketi.com\/index.php\/wp-json\/wp\/v2\/product\/5212"}],"collection":[{"href":"https:\/\/www.cncmarketi.com\/index.php\/wp-json\/wp\/v2\/product"}],"about":[{"href":"https:\/\/www.cncmarketi.com\/index.php\/wp-json\/wp\/v2\/types\/product"}],"replies":[{"embeddable":true,"href":"https:\/\/www.cncmarketi.com\/index.php\/wp-json\/wp\/v2\/comments?post=5212"}],"version-history":[{"count":0,"href":"https:\/\/www.cncmarketi.com\/index.php\/wp-json\/wp\/v2\/product\/5212\/revisions"}],"wp:featuredmedia":[{"embeddable":true,"href":"https:\/\/www.cncmarketi.com\/index.php\/wp-json\/wp\/v2\/media\/5206"}],"wp:attachment":[{"href":"https:\/\/www.cncmarketi.com\/index.php\/wp-json\/wp\/v2\/media?parent=5212"}],"wp:term":[{"taxonomy":"brand","embeddable":true,"href":"https:\/\/www.cncmarketi.com\/index.php\/wp-json\/wp\/v2\/etheme_brands?post=5212"},{"taxonomy":"product_cat","embeddable":true,"href":"https:\/\/www.cncmarketi.com\/index.php\/wp-json\/wp\/v2\/product_cat?post=5212"},{"taxonomy":"product_tag","embeddable":true,"href":"https:\/\/www.cncmarketi.com\/index.php\/wp-json\/wp\/v2\/product_tag?post=5212"}],"curies":[{"name":"wp","href":"https:\/\/api.w.org\/{rel}","templated":true}]}}