{"id":5171,"date":"2023-08-06T08:13:42","date_gmt":"2023-08-06T05:13:42","guid":{"rendered":"https:\/\/www.cncmarketi.com\/index.php\/product\/kumas-ici-buzlanma-ve-sikistirma-test-cihazi-tekstil-rulo-kutusu-buzlanma-test-ekipmani\/"},"modified":"2023-08-06T08:59:54","modified_gmt":"2023-08-06T05:59:54","slug":"kumas-ici-buzlanma-ve-sikistirma-test-cihazi-tekstil-rulo-kutusu-buzlanma-test-ekipmani","status":"publish","type":"product","link":"https:\/\/www.cncmarketi.com\/index.php\/product\/kumas-ici-buzlanma-ve-sikistirma-test-cihazi-tekstil-rulo-kutusu-buzlanma-test-ekipmani\/","title":{"rendered":"Kuma\u015f ICI Buzlanma ve S\u0131k\u0131\u015ft\u0131rma Test Cihaz\u0131, Tekstil Rulo Kutusu Buzlanma Test Ekipman\u0131"},"content":{"rendered":"<p>Fabric ICI Pilling and Snagging Tester, Textile Roll Box Pilling Test Equipment<br \/>\nModel<br \/>\nNG-306<br \/>\nMOQ<br \/>\n1 Set<br \/>\nLead Time<br \/>\n3-15 Working Days<br \/>\nCountry of Origin<br \/>\nChina<br \/>\nPackage<br \/>\nStandard Export Wooden Box<br \/>\nOEM &#038; ODM<br \/>\nSupport<br \/>\n\u63cf\u8ff0<br \/>\n\u7528\u6237\u8bc4\u8bba (0)<br \/>\n\u63cf\u8ff0<br \/>\nProduct introduction:<br \/>\nPilling is a fabric surface phenomenon characterized by little balls formed by entangled fibers clinging to the surface. These are formed during wearing or washing by the entanglement of the loose fibers, which protrude from the fabric surface, and development of these into spherical bundles anchored to the fabric by a few unbroken fibers. These give a very unsightly look to the garments. To determine the tendency to form pills, test specimens taken from the fabric sample are rubbed against each other under controlled conditions. The appearance of the test specimen, after rubbing for the specified period, is compared against standard rating photographs (Woven pilling photographs and knitted pilling photographs) for grading the fabric. ICI Pilling and Snagging Tester is specially designed equipment to access resistance to pilling of any type of fabrics as per ICI pilling system.Smith Barney Inc. are now able to offer a technically advanced machine that is easy to use and inexpensive to own.<br \/>\nUsage<br \/>\nTo determine the pilling and snagging resistance of textile fabrics.<br \/>\nTest standard<br \/>\nISO 12945-1,BS 5811,IWSTM 152,NEXT 19,JIS L1076,M&#038;S P18,M&#038;S P21A,BS 8479\\<br \/>\nTest Procedure<br \/>\nThe fabrics to be tested must be wound on special pipes of polyurethane (by means of the fitting kit) which are then placed into the cork panelled boxes. After setting the required rotation number (99999 max.), press the function key to start testing. Once the preset cycle is over, the pilling forming on the sample is evaluated and classified by comparison with the special set of standard photographs.<br \/>\nWhen using the kit for the snagging test, the fabrics deterioration caused by the entangling into pointed materials with known characteristics is simulated.<br \/>\nTechnical parameter<br \/>\nNo. of Boxes<br \/>\n2, 4, 6 Nos. (optional)<br \/>\nSize of Wooden Boxes inside (Before Cork Lining)<br \/>\n235 x 235 x 235 mm (As Per Standards)<br \/>\nThickness of Cork Lining<br \/>\n3.2 mm (As Per Standards)<br \/>\nSpeed of Rotation of Boxes<br \/>\n60 R.P.M. (\u00b1 2 rpm.) (As Per Standards)<br \/>\nSize of Test Specimen<br \/>\nLength 140 mm + 1 mm (As Per Standards)<br \/>\nDiameter 31.5 mm + 1 mm<br \/>\nWall Thickness 3.2 mm + 0.5 mm<br \/>\nWeight 52.25 gms. + 1 gms<br \/>\nDigital Counter (Preset Type)<br \/>\n0\u201399999<br \/>\nDimensions<br \/>\n1200 x 500 x 800 mm<br \/>\nPower supply<br \/>\n220V, 50Hz or 110V, 60Hz<br \/>\nWeight<br \/>\n60 Kg<\/p>\n","protected":false},"excerpt":{"rendered":"<p>Fabric ICI Pilling and Snagging Tester, Textile Roll Box Pilling Test Equipment Model NG-306 MOQ 1 Set Lead Time 3-15 Working Days Country of Origin&#8230;<\/p>\n","protected":false},"featured_media":5165,"comment_status":"open","ping_status":"closed","template":"","meta":[],"etheme_brands":[{"term_id":67,"name":"Newgoer","slug":"newgoer","term_group":0,"term_taxonomy_id":67,"taxonomy":"brand","description":"","parent":0,"count":271,"filter":"raw"}],"product_cat":[64],"product_tag":[],"_links":{"self":[{"href":"https:\/\/www.cncmarketi.com\/index.php\/wp-json\/wp\/v2\/product\/5171"}],"collection":[{"href":"https:\/\/www.cncmarketi.com\/index.php\/wp-json\/wp\/v2\/product"}],"about":[{"href":"https:\/\/www.cncmarketi.com\/index.php\/wp-json\/wp\/v2\/types\/product"}],"replies":[{"embeddable":true,"href":"https:\/\/www.cncmarketi.com\/index.php\/wp-json\/wp\/v2\/comments?post=5171"}],"version-history":[{"count":0,"href":"https:\/\/www.cncmarketi.com\/index.php\/wp-json\/wp\/v2\/product\/5171\/revisions"}],"wp:featuredmedia":[{"embeddable":true,"href":"https:\/\/www.cncmarketi.com\/index.php\/wp-json\/wp\/v2\/media\/5165"}],"wp:attachment":[{"href":"https:\/\/www.cncmarketi.com\/index.php\/wp-json\/wp\/v2\/media?parent=5171"}],"wp:term":[{"taxonomy":"brand","embeddable":true,"href":"https:\/\/www.cncmarketi.com\/index.php\/wp-json\/wp\/v2\/etheme_brands?post=5171"},{"taxonomy":"product_cat","embeddable":true,"href":"https:\/\/www.cncmarketi.com\/index.php\/wp-json\/wp\/v2\/product_cat?post=5171"},{"taxonomy":"product_tag","embeddable":true,"href":"https:\/\/www.cncmarketi.com\/index.php\/wp-json\/wp\/v2\/product_tag?post=5171"}],"curies":[{"name":"wp","href":"https:\/\/api.w.org\/{rel}","templated":true}]}}