{"id":5136,"date":"2023-08-06T08:13:05","date_gmt":"2023-08-06T05:13:05","guid":{"rendered":"https:\/\/www.cncmarketi.com\/index.php\/product\/kumas-tekstil-ici-snagging-test-cihazi-mace-snagging-testi-icin-sikinma-direnc-test-cihazi\/"},"modified":"2023-08-06T08:59:54","modified_gmt":"2023-08-06T05:59:54","slug":"kumas-tekstil-ici-snagging-test-cihazi-mace-snagging-testi-icin-sikinma-direnc-test-cihazi","status":"publish","type":"product","link":"https:\/\/www.cncmarketi.com\/index.php\/product\/kumas-tekstil-ici-snagging-test-cihazi-mace-snagging-testi-icin-sikinma-direnc-test-cihazi\/","title":{"rendered":"Kuma\u015f Tekstil ICI Snagging Test Cihaz\u0131, Mace Snagging Testi i\u00e7in S\u0131k\u0131nma Diren\u00e7 Test Cihaz\u0131"},"content":{"rendered":"<p>Fabric Textile ICI Snagging Tester, Snagging Resistance Tester for Mace Snagging Test<br \/>\nModel<br \/>\nNG-508<br \/>\nMOQ<br \/>\n1 Set<br \/>\nLead Time<br \/>\n3-15 Working Days<br \/>\nCountry of Origin<br \/>\nChina<br \/>\nPackage<br \/>\nStandard Export Wooden Box<br \/>\nOEM &#038; ODM<br \/>\nSupport<br \/>\n\u63cf\u8ff0<br \/>\n\u7528\u6237\u8bc4\u8bba (0)<br \/>\n\u63cf\u8ff0<br \/>\nSummary:<br \/>\nMace Snagging Tester is used to rapidly determine the tendency of fabrics to snag, (pull yarn loops from fabric) in normal wear. And suitable for woven and knitted fabrics made by textured yarn, non-textured<br \/>\nyarn, and spun yarn, etc., not suitable for the mesh fabrics, tufted fabric, and non-woven fabrics, etc..<br \/>\nStainless steel test cabinet with glass observation panel provides with automatic timing of flame spread in 0.1-second increments from ignition. Brushing Device is included.<br \/>\nFeatures:<br \/>\nThe surface of the instrument adopts high temperature plastic spraying technology, which is durable.<br \/>\ncolor touch screen display control, easy and simple operation<br \/>\nAcrylic transparent test station is adopted with beautiful appearance. The upper and lower levels of the station can save the installation and use space of the instrument.<br \/>\nStation lighting facilitates direct observation of test samples.<br \/>\nAutomatic stop after the test, and the speed can be set within the adjustment range.<br \/>\nStandard:<br \/>\nASTM D3939 Standard Test Method for Snagging Resistance of Fabrics (Mace Test Method)<br \/>\nJIS L 1058 Test methods for snag of woven fabrics and knitted fabrics<br \/>\nVDA 230-220 Textiles for the automotive interiors \u2013 Determining the thread puller tendency of textiles mace snag test<br \/>\nTest Procedure:<br \/>\n1.Place tubular fabrics specimen on cylindrical drum of test apparatus.<br \/>\n2.Set the counter for 600 revolutions (approximately a 10-mm test) and operate the mace snagging tester.<br \/>\n3.Remove the specimens from the drums.<br \/>\n4.Grade the test specimen and record.<br \/>\nSpecifications:<br \/>\nWorking Station<br \/>\n4<br \/>\nRotate Speed<br \/>\n60 R.P.M. (\u00b1 2 rpm.) (As Per Standards)<br \/>\nCounter<br \/>\n0\uff5e99999<br \/>\nDiameter of Cylinder<br \/>\n\u03a682mm\uff1bwidth210mm<br \/>\nMace Weight<br \/>\n160\u00b110g<br \/>\nMace Number<br \/>\n11 maces<br \/>\nMace Specifications<br \/>\nLength 10mm, diameter of tip \u03a60.13mm<br \/>\nChain<br \/>\n\u03a610mm, Working width 125mm<br \/>\nDistance between Mace and Chain<br \/>\n45mm<br \/>\nDimension of Machine<br \/>\n980\u00d7500\u00d7450mm<br \/>\nPower supply<br \/>\n220V 50Hz<\/p>\n","protected":false},"excerpt":{"rendered":"<p>Fabric Textile ICI Snagging Tester, Snagging Resistance Tester for Mace Snagging Test Model NG-508 MOQ 1 Set Lead Time 3-15 Working Days Country of Origin&#8230;<\/p>\n","protected":false},"featured_media":5130,"comment_status":"open","ping_status":"closed","template":"","meta":[],"etheme_brands":[{"term_id":67,"name":"Newgoer","slug":"newgoer","term_group":0,"term_taxonomy_id":67,"taxonomy":"brand","description":"","parent":0,"count":271,"filter":"raw"}],"product_cat":[64],"product_tag":[],"_links":{"self":[{"href":"https:\/\/www.cncmarketi.com\/index.php\/wp-json\/wp\/v2\/product\/5136"}],"collection":[{"href":"https:\/\/www.cncmarketi.com\/index.php\/wp-json\/wp\/v2\/product"}],"about":[{"href":"https:\/\/www.cncmarketi.com\/index.php\/wp-json\/wp\/v2\/types\/product"}],"replies":[{"embeddable":true,"href":"https:\/\/www.cncmarketi.com\/index.php\/wp-json\/wp\/v2\/comments?post=5136"}],"version-history":[{"count":0,"href":"https:\/\/www.cncmarketi.com\/index.php\/wp-json\/wp\/v2\/product\/5136\/revisions"}],"wp:featuredmedia":[{"embeddable":true,"href":"https:\/\/www.cncmarketi.com\/index.php\/wp-json\/wp\/v2\/media\/5130"}],"wp:attachment":[{"href":"https:\/\/www.cncmarketi.com\/index.php\/wp-json\/wp\/v2\/media?parent=5136"}],"wp:term":[{"taxonomy":"brand","embeddable":true,"href":"https:\/\/www.cncmarketi.com\/index.php\/wp-json\/wp\/v2\/etheme_brands?post=5136"},{"taxonomy":"product_cat","embeddable":true,"href":"https:\/\/www.cncmarketi.com\/index.php\/wp-json\/wp\/v2\/product_cat?post=5136"},{"taxonomy":"product_tag","embeddable":true,"href":"https:\/\/www.cncmarketi.com\/index.php\/wp-json\/wp\/v2\/product_tag?post=5136"}],"curies":[{"name":"wp","href":"https:\/\/api.w.org\/{rel}","templated":true}]}}