{"id":5080,"date":"2023-08-06T08:12:06","date_gmt":"2023-08-06T05:12:06","guid":{"rendered":"https:\/\/www.cncmarketi.com\/index.php\/product\/enerji-dagitici-x-isini-floresan-spektrometresi-rohs-analizoru\/"},"modified":"2023-08-06T08:59:55","modified_gmt":"2023-08-06T05:59:55","slug":"enerji-dagitici-x-isini-floresan-spektrometresi-rohs-analizoru","status":"publish","type":"product","link":"https:\/\/www.cncmarketi.com\/index.php\/product\/enerji-dagitici-x-isini-floresan-spektrometresi-rohs-analizoru\/","title":{"rendered":"Enerji da\u011f\u0131t\u0131c\u0131 X-\u0131\u015f\u0131n\u0131 floresan spektrometresi, ROHS analiz\u00f6r\u00fc"},"content":{"rendered":"<p>Energy Dispersive X-ray Fluorescence Spectrometer, RoHs Analyzer<br \/>\nModel<br \/>\nUx 310<br \/>\nMOQ<br \/>\n1 Set<br \/>\nLead Time<br \/>\n3-15 Working Days<br \/>\nCountry of Origin<br \/>\nChina<br \/>\nPackage<br \/>\nStandard Export Wooden Box<br \/>\nOEM &#038; ODM<br \/>\nSupport<br \/>\n\u63cf\u8ff0<br \/>\n\u7528\u6237\u8bc4\u8bba (0)<br \/>\n\u63cf\u8ff0<br \/>\nEnergy Dispersive X-ray Fluorescence Spectrometer<br \/>\nUx-310 Ux-350 RoHS Halogen-free environmental analyzer<br \/>\nInstrument overview<br \/>\nUx-310 is a popular model of Unique\u2019s series products with three radiation protection system; Samsung designated with us; Humanized operation interface; Comprehensive application of empirical coefficient method and the fundamental parameter method V6.0 analysis software. Element range from Na-U. It can test Pb, Cd, Hg , Br in PBDE and PBB, Cr in Cr6+, in the RoHS directive. Cl and Br in the Halogen-free instruction.. It can completely meet the control demand of RoHS\/WEEE\/Halogen-free. The specially designed open working curve is extremely suitable for manufacturing control of various material.<br \/>\nUnique\u2019s creation of spectrum comparison function is used for real time tracing of supplier\u2019s material change and warning in time. It has the incomparable advantage for RoHS\/Halogen-free control.<br \/>\nInstrument characteristics<br \/>\n1\uff0e Three radiation protection (software, hardware, Labyrinth design), guarantee the safety of operator and reduce radiation harm caused by accidental operation;<br \/>\n2\uff0eBig sample cavity design is suitable for testing of big sample, partial replacing the handheld XRF;<br \/>\n3\uff0eAdapting new optical path, it maximally solves the negative effect of air optical path when testing Cl element,guarantees the lower limit and stability of Cl element;<br \/>\n4\uff0eThe new optimize V6.0 analysis software can auto set the ray tube power according to the sample material, shape and size. It can prolong the life time of ray tube and also fully play detector\u2019s function and increase measurement precision greatly;<br \/>\n5\uff0eThe only one in the industrial who provides open working curve calibration platform, and customize the best harm material test and control solution;<br \/>\n6\uff0eCombined with series of advanced spectrum processing method, includes FFT, precise background deductive method, automatic peak search and Quasi-Newton optimize calculation etc;<br \/>\n7\uff0eInternational advance XRF analysis software, it combines with several traditional analysis method such as empirical coefficient method and the fundamental parameter method (FP method), theoretical \u03b1 coefficient method and so on, guarantees the precision of measuring data;<br \/>\n8\uff0eIt can also customize the measuring report output format(Excel, PDF etc.)to meet the requirement of multi statistics and format;<br \/>\n9\uff0eIt can provide the quantitative test technology and component, coating thickness measuring and multi elements analysis software for Cr6+ (Prior to purchase);<br \/>\n10\uff0eOptions of several languages interfaces;<br \/>\n11\uff0eUnique\u2019s creation of spectrum comparison function is used for real time tracing of supplier\u2019s material change and warning in time.<br \/>\nTechnical indexes of instrument<br \/>\n1\uff0eInstrument size: 640(W)x450(D)x412(H)mm<br \/>\n2\uff0eSample cavity size: 300*300*80mm\uff1b<br \/>\n3\uff0eElement range: S-U<br \/>\n4\uff0eMeasuring scope: 1ppm-99.99%<br \/>\n5\uff0eRoHS test limit: Pb\u22645ppm, Cd\/Cr\/Hg\/Br\u22642ppm, Cl\u226450ppm<br \/>\n6\uff0eSample type: solid, powder and liquid<br \/>\n7\uff0eMeasuring time: 120-400s ( software auto adjustment )<br \/>\n8\uff0eBest resolution rate: details see detector system parameter<br \/>\n9\uff0eCollimator: \u03a62mm\u3001\u03a65mm<br \/>\n10\uff0eFilter sheet: 8 compound filter sheet switch automatically<br \/>\n11\uff0eCCD observation: 1.30 Million pixel HD CCD<br \/>\n12\uff0eSample micro scope: XY8mm<br \/>\n13\uff0eInput power: AC220V\uff5e240V\uff0c50\/60Hz<br \/>\n14\uff0eRated power: 350W<br \/>\n15\uff0eWeight: approx 48Kg<br \/>\n16\uff0eWorking environment temperature: 15-30\u2103<br \/>\n17\uff0eWorking environment relative humidity: \u226485% (No condensation)<\/p>\n","protected":false},"excerpt":{"rendered":"<p>Energy Dispersive X-ray Fluorescence Spectrometer, RoHs Analyzer Model Ux 310 MOQ 1 Set Lead Time 3-15 Working Days Country of Origin China Package Standard Export&#8230;<\/p>\n","protected":false},"featured_media":5074,"comment_status":"open","ping_status":"closed","template":"","meta":[],"etheme_brands":[{"term_id":67,"name":"Newgoer","slug":"newgoer","term_group":0,"term_taxonomy_id":67,"taxonomy":"brand","description":"","parent":0,"count":271,"filter":"raw"}],"product_cat":[64],"product_tag":[],"_links":{"self":[{"href":"https:\/\/www.cncmarketi.com\/index.php\/wp-json\/wp\/v2\/product\/5080"}],"collection":[{"href":"https:\/\/www.cncmarketi.com\/index.php\/wp-json\/wp\/v2\/product"}],"about":[{"href":"https:\/\/www.cncmarketi.com\/index.php\/wp-json\/wp\/v2\/types\/product"}],"replies":[{"embeddable":true,"href":"https:\/\/www.cncmarketi.com\/index.php\/wp-json\/wp\/v2\/comments?post=5080"}],"version-history":[{"count":0,"href":"https:\/\/www.cncmarketi.com\/index.php\/wp-json\/wp\/v2\/product\/5080\/revisions"}],"wp:featuredmedia":[{"embeddable":true,"href":"https:\/\/www.cncmarketi.com\/index.php\/wp-json\/wp\/v2\/media\/5074"}],"wp:attachment":[{"href":"https:\/\/www.cncmarketi.com\/index.php\/wp-json\/wp\/v2\/media?parent=5080"}],"wp:term":[{"taxonomy":"brand","embeddable":true,"href":"https:\/\/www.cncmarketi.com\/index.php\/wp-json\/wp\/v2\/etheme_brands?post=5080"},{"taxonomy":"product_cat","embeddable":true,"href":"https:\/\/www.cncmarketi.com\/index.php\/wp-json\/wp\/v2\/product_cat?post=5080"},{"taxonomy":"product_tag","embeddable":true,"href":"https:\/\/www.cncmarketi.com\/index.php\/wp-json\/wp\/v2\/product_tag?post=5080"}],"curies":[{"name":"wp","href":"https:\/\/api.w.org\/{rel}","templated":true}]}}