{"id":4693,"date":"2023-08-06T08:04:52","date_gmt":"2023-08-06T05:04:52","guid":{"rendered":"https:\/\/www.cncmarketi.com\/index.php\/product\/astm-d5264-baski-ve-kagit-murekkep-ovma-test-makinesi-murekkep-surtunme-sokurtusu-test-cihazi\/"},"modified":"2023-09-05T20:27:25","modified_gmt":"2023-09-05T17:27:25","slug":"astm-d5264-baski-ve-kagit-murekkep-ovma-test-makinesi-murekkep-surtunme-sokurtusu-test-cihazi","status":"publish","type":"product","link":"https:\/\/www.cncmarketi.com\/index.php\/product\/astm-d5264-baski-ve-kagit-murekkep-ovma-test-makinesi-murekkep-surtunme-sokurtusu-test-cihazi\/","title":{"rendered":"ASTM D5264 Bask\u0131 ve Ka\u011f\u0131t M\u00fcrekkep Ovma Test Makinesi, M\u00fcrekkep S\u00fcrt\u00fcnme S\u00f6k\u00fcrt\u00fcs\u00fc Test Cihaz\u0131"},"content":{"rendered":"<p>ASTM D5264 Printing and Paper Ink Rub Testing Machine, Ink Friction Decoloration Tester<br \/>\nModel<br \/>\nNG-605<br \/>\nMOQ<br \/>\n1 Set<br \/>\nLead Time<br \/>\n3-15 Working Days<br \/>\nCountry of Origin<br \/>\nChina<br \/>\nPackage<br \/>\nStandard Export Wooden Box<br \/>\nOEM &#038; ODM<br \/>\nSupport<br \/>\n\u63cf\u8ff0<br \/>\n\u7528\u6237\u8bc4\u8bba (0)<br \/>\n\u63cf\u8ff0<br \/>\nApplication:<br \/>\nThis machine is mainly used for testing the abrasion performance and decoloration rate of printing ink, printing box etc. Use standard load, reciprocating friction travel and speed to friction<br \/>\nsurface of sample. To confirm the class of pollution of sample and standard friction paper, and the fluff or abrasion of the sample surface.<br \/>\nPrinciple:<br \/>\nThe test specimen mounted on top of the rubber pad is rubbed against the receptor mounted to the weight. The test duration is determined by the number of strokes. The number of strokes desired is preset on the timer and the tester will shut off automatically when the desired number of strokes is completed.<br \/>\nStandard:<br \/>\nGB\/T7706, GB7707, JIS K5701, ASTM D5264, TAPPI T830 etc.<br \/>\nFeatures:<br \/>\nLCD displays data, convenient and effective.<br \/>\n\u2022 Film keyboard switch; PVC operation panel;<br \/>\nPower failure memory;<br \/>\nBuilt-in standard rub panel<br \/>\nMute-sounds design, even friction.<br \/>\nSpecifications:<br \/>\nTECHNICAL SPECIFICATIONS<br \/>\nDisplay<br \/>\nLCD Screen Display<br \/>\nFriction Speed<br \/>\n43 times\/min ( 21,43,85,106 times\/min, adjustable)<br \/>\nFriction Area<br \/>\n155(L)mm\u00d750(B)mm<br \/>\nFriction Stroke<br \/>\n60mm<br \/>\nFriction Times<br \/>\n0~999999 Times<br \/>\nFriction Load<br \/>\n2lb, 4lb<br \/>\nSpecimen Size<br \/>\n220(L)mm\u00d750(B)mm<br \/>\nENVIRONMENT REQUIREMENT<br \/>\nTemperature<br \/>\n15\u2103-35\u2103<br \/>\nRelative Humidity<br \/>\nNo more than 70%,no dewdrop<br \/>\nPower Supply<br \/>\n220V 50Hz<br \/>\nConfigurations<br \/>\nInk printing Sutherland Rub Tester Host, standard friction block<\/p>\n","protected":false},"excerpt":{"rendered":"<p>ASTM D5264 Printing and Paper Ink Rub Testing Machine, Ink Friction Decoloration Tester Model NG-605 MOQ 1 Set Lead Time 3-15 Working Days Country of&#8230;<\/p>\n","protected":false},"featured_media":4687,"comment_status":"open","ping_status":"closed","template":"","meta":[],"etheme_brands":[{"term_id":67,"name":"Newgoer","slug":"newgoer","term_group":0,"term_taxonomy_id":67,"taxonomy":"brand","description":"","parent":0,"count":271,"filter":"raw"}],"product_cat":[64],"product_tag":[],"_links":{"self":[{"href":"https:\/\/www.cncmarketi.com\/index.php\/wp-json\/wp\/v2\/product\/4693"}],"collection":[{"href":"https:\/\/www.cncmarketi.com\/index.php\/wp-json\/wp\/v2\/product"}],"about":[{"href":"https:\/\/www.cncmarketi.com\/index.php\/wp-json\/wp\/v2\/types\/product"}],"replies":[{"embeddable":true,"href":"https:\/\/www.cncmarketi.com\/index.php\/wp-json\/wp\/v2\/comments?post=4693"}],"version-history":[{"count":0,"href":"https:\/\/www.cncmarketi.com\/index.php\/wp-json\/wp\/v2\/product\/4693\/revisions"}],"wp:featuredmedia":[{"embeddable":true,"href":"https:\/\/www.cncmarketi.com\/index.php\/wp-json\/wp\/v2\/media\/4687"}],"wp:attachment":[{"href":"https:\/\/www.cncmarketi.com\/index.php\/wp-json\/wp\/v2\/media?parent=4693"}],"wp:term":[{"taxonomy":"brand","embeddable":true,"href":"https:\/\/www.cncmarketi.com\/index.php\/wp-json\/wp\/v2\/etheme_brands?post=4693"},{"taxonomy":"product_cat","embeddable":true,"href":"https:\/\/www.cncmarketi.com\/index.php\/wp-json\/wp\/v2\/product_cat?post=4693"},{"taxonomy":"product_tag","embeddable":true,"href":"https:\/\/www.cncmarketi.com\/index.php\/wp-json\/wp\/v2\/product_tag?post=4693"}],"curies":[{"name":"wp","href":"https:\/\/api.w.org\/{rel}","templated":true}]}}